{"id":8854,"date":"2024-12-05T03:48:49","date_gmt":"2024-12-05T03:48:49","guid":{"rendered":"https:\/\/deportenis.com.co\/webn\/?post_type=product&#038;p=8854"},"modified":"2026-04-13T15:50:43","modified_gmt":"2026-04-13T15:50:43","slug":"raqueta-wilson-serena-21","status":"publish","type":"product","link":"https:\/\/deportenis.com.co\/webn\/product\/raqueta-wilson-serena-21\/","title":{"rendered":"Raqueta Wilson Serena 21&#8243;"},"content":{"rendered":"<p><a href=\"https:\/\/deportenis.com.co\/webn\/wp-content\/uploads\/2024\/09\/WILSON-1.jpg\"><img loading=\"lazy\" decoding=\"async\" class=\"alignnone wp-image-7132\" src=\"https:\/\/deportenis.com.co\/webn\/wp-content\/uploads\/2024\/09\/WILSON-1.jpg\" alt=\"\" width=\"203\" height=\"50\" \/><\/a><\/p>\n<p>La <strong>Wilson Serena 21&#8243;<\/strong> es la raqueta ideal para j\u00f3venes tenistas principiantes que desean iniciar su camino en el deporte, inspirados por una de las grandes leyendas del tenis, Serena Williams. Dise\u00f1ada espec\u00edficamente para ni\u00f1os de entre 5 y 7 a\u00f1os o con una altura aproximada de 110 a 125 cm, esta raqueta ofrece una combinaci\u00f3n excepcional de ligereza, control y estabilidad.<\/p>\n<p>Fabricada con un marco de aluminio resistente, la Wilson Serena 21&#8243; es f\u00e1cil de manejar y lo suficientemente duradera como para resistir el uso continuo. Su tama\u00f1o compacto y peso ligero permiten a los m\u00e1s peque\u00f1os desarrollar una t\u00e9cnica adecuada sin comprometer la comodidad. Adem\u00e1s, su patr\u00f3n de encordado abierto (16&#215;18) ayuda a generar efectos y potencia, lo que fomenta un aprendizaje din\u00e1mico y divertido.<\/p>\n<p><strong>Caracter\u00edsticas:\u00a0<\/strong><\/p>\n<ul>\n<li><strong>Material: <\/strong>Aluminio.<\/li>\n<li><strong>Tama\u00f1o: <\/strong>Longitud: 21 pulgadas (53.3 cm) con una altura aproximada de 110 a 125 cm.<\/li>\n<li><strong>Peso: <\/strong>195 g (sin encordar).<\/li>\n<li><strong>Patr\u00f3n de encordado: <\/strong>16&#215;18.<\/li>\n<li><strong>Superficie de la cabeza: <\/strong>583 cm\u00b2 (90 in\u00b2).<\/li>\n<\/ul>\n<p>&nbsp;<\/p>\n","protected":false},"excerpt":{"rendered":"<p>La Wilson Serena 21&#8243; es la raqueta ideal para j\u00f3venes tenistas principiantes que desean iniciar su camino en el deporte, inspirados por una de las grandes leyendas del tenis, Serena Williams. Dise\u00f1ada espec\u00edficamente para ni\u00f1os de entre 5 y 7 a\u00f1os o con una altura aproximada de 110 a 125 cm, esta raqueta ofrece una &hellip; <a href=\"https:\/\/deportenis.com.co\/webn\/product\/raqueta-wilson-serena-21\/\" class=\"more-link\">Continue reading <span class=\"screen-reader-text\">Raqueta Wilson Serena 21&#8243;<\/span><\/a><\/p>\n","protected":false},"featured_media":9200,"comment_status":"open","ping_status":"closed","template":"","meta":[],"product_brand":[],"product_cat":[396],"product_tag":[342],"class_list":{"0":"post-8854","1":"product","2":"type-product","3":"status-publish","4":"has-post-thumbnail","6":"product_cat-396","7":"product_tag-raqueta-21","10":"instock","11":"taxable","12":"shipping-taxable","13":"purchasable","14":"product-type-simple"},"yoast_head":"<!-- This site is optimized with the Yoast SEO plugin v27.5 - https:\/\/yoast.com\/product\/yoast-seo-wordpress\/ -->\n<title>Raqueta Wilson Serena 21&quot; - Deportenis<\/title>\n<meta name=\"description\" content=\"La Wilson Serena 21&quot; es una raqueta ligera y resistente para ni\u00f1os de 5 a 7 a\u00f1os, inspirada en Serena Williams. Perfecta para principiantes que buscan aprender y disfrutar del tenis con estilo y control.\" \/>\n<meta name=\"robots\" content=\"index, follow, max-snippet:-1, max-image-preview:large, max-video-preview:-1\" \/>\n<link rel=\"canonical\" href=\"https:\/\/deportenis.com.co\/webn\/product\/raqueta-wilson-serena-21\/\" \/>\n<meta property=\"og:locale\" content=\"es_ES\" \/>\n<meta property=\"og:type\" content=\"article\" \/>\n<meta property=\"og:title\" content=\"Raqueta Wilson Serena 21&quot; - Deportenis\" \/>\n<meta property=\"og:description\" content=\"La Wilson Serena 21&quot; es una raqueta ligera y resistente para ni\u00f1os de 5 a 7 a\u00f1os, inspirada en Serena Williams. Perfecta para principiantes que buscan aprender y disfrutar del tenis con estilo y control.\" \/>\n<meta property=\"og:url\" content=\"https:\/\/deportenis.com.co\/webn\/product\/raqueta-wilson-serena-21\/\" \/>\n<meta property=\"og:site_name\" content=\"Deportenis\" \/>\n<meta property=\"article:publisher\" content=\"https:\/\/es-la.facebook.com\/Deportenis-100144375089820\/videos\/servicio-de-encordado-y-mantenimiento-de-tus-raquetaspregunta-por-los-colores-y-\/286780695898417\/\" \/>\n<meta property=\"article:modified_time\" content=\"2026-04-13T15:50:43+00:00\" \/>\n<meta property=\"og:image\" content=\"https:\/\/deportenis.com.co\/webn\/wp-content\/uploads\/2024\/12\/serena.jpg\" \/>\n\t<meta property=\"og:image:width\" content=\"1000\" \/>\n\t<meta property=\"og:image:height\" content=\"1000\" \/>\n\t<meta property=\"og:image:type\" content=\"image\/jpeg\" \/>\n<meta name=\"twitter:card\" content=\"summary_large_image\" \/>\n<meta name=\"twitter:label1\" content=\"Tiempo de lectura\" \/>\n\t<meta name=\"twitter:data1\" content=\"2 minutos\" \/>\n<script type=\"application\/ld+json\" class=\"yoast-schema-graph\">{\"@context\":\"https:\\\/\\\/schema.org\",\"@graph\":[{\"@type\":\"WebPage\",\"@id\":\"https:\\\/\\\/deportenis.com.co\\\/webn\\\/product\\\/raqueta-wilson-serena-21\\\/\",\"url\":\"https:\\\/\\\/deportenis.com.co\\\/webn\\\/product\\\/raqueta-wilson-serena-21\\\/\",\"name\":\"Raqueta Wilson Serena 21\\\" - Deportenis\",\"isPartOf\":{\"@id\":\"https:\\\/\\\/deportenis.com.co\\\/webn\\\/#website\"},\"primaryImageOfPage\":{\"@id\":\"https:\\\/\\\/deportenis.com.co\\\/webn\\\/product\\\/raqueta-wilson-serena-21\\\/#primaryimage\"},\"image\":{\"@id\":\"https:\\\/\\\/deportenis.com.co\\\/webn\\\/product\\\/raqueta-wilson-serena-21\\\/#primaryimage\"},\"thumbnailUrl\":\"https:\\\/\\\/deportenis.com.co\\\/webn\\\/wp-content\\\/uploads\\\/2024\\\/12\\\/serena.jpg\",\"datePublished\":\"2024-12-05T03:48:49+00:00\",\"dateModified\":\"2026-04-13T15:50:43+00:00\",\"description\":\"La Wilson Serena 21\\\" es una raqueta ligera y resistente para ni\u00f1os de 5 a 7 a\u00f1os, inspirada en Serena Williams. Perfecta para principiantes que buscan aprender y disfrutar del tenis con estilo y control.\",\"breadcrumb\":{\"@id\":\"https:\\\/\\\/deportenis.com.co\\\/webn\\\/product\\\/raqueta-wilson-serena-21\\\/#breadcrumb\"},\"inLanguage\":\"es\",\"potentialAction\":[{\"@type\":\"ReadAction\",\"target\":[\"https:\\\/\\\/deportenis.com.co\\\/webn\\\/product\\\/raqueta-wilson-serena-21\\\/\"]}]},{\"@type\":\"ImageObject\",\"inLanguage\":\"es\",\"@id\":\"https:\\\/\\\/deportenis.com.co\\\/webn\\\/product\\\/raqueta-wilson-serena-21\\\/#primaryimage\",\"url\":\"https:\\\/\\\/deportenis.com.co\\\/webn\\\/wp-content\\\/uploads\\\/2024\\\/12\\\/serena.jpg\",\"contentUrl\":\"https:\\\/\\\/deportenis.com.co\\\/webn\\\/wp-content\\\/uploads\\\/2024\\\/12\\\/serena.jpg\",\"width\":1000,\"height\":1000},{\"@type\":\"BreadcrumbList\",\"@id\":\"https:\\\/\\\/deportenis.com.co\\\/webn\\\/product\\\/raqueta-wilson-serena-21\\\/#breadcrumb\",\"itemListElement\":[{\"@type\":\"ListItem\",\"position\":1,\"name\":\"Portada\",\"item\":\"https:\\\/\\\/deportenis.com.co\\\/webn\\\/\"},{\"@type\":\"ListItem\",\"position\":2,\"name\":\"Tienda\",\"item\":\"https:\\\/\\\/deportenis.com.co\\\/webn\\\/tienda\\\/\"},{\"@type\":\"ListItem\",\"position\":3,\"name\":\"Raqueta Wilson Serena 21&#8243;\"}]},{\"@type\":\"WebSite\",\"@id\":\"https:\\\/\\\/deportenis.com.co\\\/webn\\\/#website\",\"url\":\"https:\\\/\\\/deportenis.com.co\\\/webn\\\/\",\"name\":\"www.deportenis.com.co\",\"description\":\"Tienda Deportiva\",\"publisher\":{\"@id\":\"https:\\\/\\\/deportenis.com.co\\\/webn\\\/#organization\"},\"potentialAction\":[{\"@type\":\"SearchAction\",\"target\":{\"@type\":\"EntryPoint\",\"urlTemplate\":\"https:\\\/\\\/deportenis.com.co\\\/webn\\\/?s={search_term_string}\"},\"query-input\":{\"@type\":\"PropertyValueSpecification\",\"valueRequired\":true,\"valueName\":\"search_term_string\"}}],\"inLanguage\":\"es\"},{\"@type\":\"Organization\",\"@id\":\"https:\\\/\\\/deportenis.com.co\\\/webn\\\/#organization\",\"name\":\"Deportenis\",\"url\":\"https:\\\/\\\/deportenis.com.co\\\/webn\\\/\",\"logo\":{\"@type\":\"ImageObject\",\"inLanguage\":\"es\",\"@id\":\"https:\\\/\\\/deportenis.com.co\\\/webn\\\/#\\\/schema\\\/logo\\\/image\\\/\",\"url\":\"https:\\\/\\\/deportenis.com.co\\\/webn\\\/wp-content\\\/uploads\\\/2024\\\/07\\\/logo.png\",\"contentUrl\":\"https:\\\/\\\/deportenis.com.co\\\/webn\\\/wp-content\\\/uploads\\\/2024\\\/07\\\/logo.png\",\"width\":238,\"height\":200,\"caption\":\"Deportenis\"},\"image\":{\"@id\":\"https:\\\/\\\/deportenis.com.co\\\/webn\\\/#\\\/schema\\\/logo\\\/image\\\/\"},\"sameAs\":[\"https:\\\/\\\/es-la.facebook.com\\\/Deportenis-100144375089820\\\/videos\\\/servicio-de-encordado-y-mantenimiento-de-tus-raquetaspregunta-por-los-colores-y-\\\/286780695898417\\\/\",\"https:\\\/\\\/www.instagram.com\\\/invites\\\/contact\\\/?igsh=1u3n44d031yux&utm_content=67nx4x8\"]}]}<\/script>\n<!-- \/ Yoast SEO plugin. -->","yoast_head_json":{"title":"Raqueta Wilson Serena 21\" - Deportenis","description":"La Wilson Serena 21\" es una raqueta ligera y resistente para ni\u00f1os de 5 a 7 a\u00f1os, inspirada en Serena Williams. Perfecta para principiantes que buscan aprender y disfrutar del tenis con estilo y control.","robots":{"index":"index","follow":"follow","max-snippet":"max-snippet:-1","max-image-preview":"max-image-preview:large","max-video-preview":"max-video-preview:-1"},"canonical":"https:\/\/deportenis.com.co\/webn\/product\/raqueta-wilson-serena-21\/","og_locale":"es_ES","og_type":"article","og_title":"Raqueta Wilson Serena 21\" - Deportenis","og_description":"La Wilson Serena 21\" es una raqueta ligera y resistente para ni\u00f1os de 5 a 7 a\u00f1os, inspirada en Serena Williams. Perfecta para principiantes que buscan aprender y disfrutar del tenis con estilo y control.","og_url":"https:\/\/deportenis.com.co\/webn\/product\/raqueta-wilson-serena-21\/","og_site_name":"Deportenis","article_publisher":"https:\/\/es-la.facebook.com\/Deportenis-100144375089820\/videos\/servicio-de-encordado-y-mantenimiento-de-tus-raquetaspregunta-por-los-colores-y-\/286780695898417\/","article_modified_time":"2026-04-13T15:50:43+00:00","og_image":[{"width":1000,"height":1000,"url":"https:\/\/deportenis.com.co\/webn\/wp-content\/uploads\/2024\/12\/serena.jpg","type":"image\/jpeg"}],"twitter_card":"summary_large_image","twitter_misc":{"Tiempo de lectura":"2 minutos"},"schema":{"@context":"https:\/\/schema.org","@graph":[{"@type":"WebPage","@id":"https:\/\/deportenis.com.co\/webn\/product\/raqueta-wilson-serena-21\/","url":"https:\/\/deportenis.com.co\/webn\/product\/raqueta-wilson-serena-21\/","name":"Raqueta Wilson Serena 21\" - Deportenis","isPartOf":{"@id":"https:\/\/deportenis.com.co\/webn\/#website"},"primaryImageOfPage":{"@id":"https:\/\/deportenis.com.co\/webn\/product\/raqueta-wilson-serena-21\/#primaryimage"},"image":{"@id":"https:\/\/deportenis.com.co\/webn\/product\/raqueta-wilson-serena-21\/#primaryimage"},"thumbnailUrl":"https:\/\/deportenis.com.co\/webn\/wp-content\/uploads\/2024\/12\/serena.jpg","datePublished":"2024-12-05T03:48:49+00:00","dateModified":"2026-04-13T15:50:43+00:00","description":"La Wilson Serena 21\" es una raqueta ligera y resistente para ni\u00f1os de 5 a 7 a\u00f1os, inspirada en Serena Williams. Perfecta para principiantes que buscan aprender y disfrutar del tenis con estilo y control.","breadcrumb":{"@id":"https:\/\/deportenis.com.co\/webn\/product\/raqueta-wilson-serena-21\/#breadcrumb"},"inLanguage":"es","potentialAction":[{"@type":"ReadAction","target":["https:\/\/deportenis.com.co\/webn\/product\/raqueta-wilson-serena-21\/"]}]},{"@type":"ImageObject","inLanguage":"es","@id":"https:\/\/deportenis.com.co\/webn\/product\/raqueta-wilson-serena-21\/#primaryimage","url":"https:\/\/deportenis.com.co\/webn\/wp-content\/uploads\/2024\/12\/serena.jpg","contentUrl":"https:\/\/deportenis.com.co\/webn\/wp-content\/uploads\/2024\/12\/serena.jpg","width":1000,"height":1000},{"@type":"BreadcrumbList","@id":"https:\/\/deportenis.com.co\/webn\/product\/raqueta-wilson-serena-21\/#breadcrumb","itemListElement":[{"@type":"ListItem","position":1,"name":"Portada","item":"https:\/\/deportenis.com.co\/webn\/"},{"@type":"ListItem","position":2,"name":"Tienda","item":"https:\/\/deportenis.com.co\/webn\/tienda\/"},{"@type":"ListItem","position":3,"name":"Raqueta Wilson Serena 21&#8243;"}]},{"@type":"WebSite","@id":"https:\/\/deportenis.com.co\/webn\/#website","url":"https:\/\/deportenis.com.co\/webn\/","name":"www.deportenis.com.co","description":"Tienda Deportiva","publisher":{"@id":"https:\/\/deportenis.com.co\/webn\/#organization"},"potentialAction":[{"@type":"SearchAction","target":{"@type":"EntryPoint","urlTemplate":"https:\/\/deportenis.com.co\/webn\/?s={search_term_string}"},"query-input":{"@type":"PropertyValueSpecification","valueRequired":true,"valueName":"search_term_string"}}],"inLanguage":"es"},{"@type":"Organization","@id":"https:\/\/deportenis.com.co\/webn\/#organization","name":"Deportenis","url":"https:\/\/deportenis.com.co\/webn\/","logo":{"@type":"ImageObject","inLanguage":"es","@id":"https:\/\/deportenis.com.co\/webn\/#\/schema\/logo\/image\/","url":"https:\/\/deportenis.com.co\/webn\/wp-content\/uploads\/2024\/07\/logo.png","contentUrl":"https:\/\/deportenis.com.co\/webn\/wp-content\/uploads\/2024\/07\/logo.png","width":238,"height":200,"caption":"Deportenis"},"image":{"@id":"https:\/\/deportenis.com.co\/webn\/#\/schema\/logo\/image\/"},"sameAs":["https:\/\/es-la.facebook.com\/Deportenis-100144375089820\/videos\/servicio-de-encordado-y-mantenimiento-de-tus-raquetaspregunta-por-los-colores-y-\/286780695898417\/","https:\/\/www.instagram.com\/invites\/contact\/?igsh=1u3n44d031yux&utm_content=67nx4x8"]}]}},"_links":{"self":[{"href":"https:\/\/deportenis.com.co\/webn\/wp-json\/wp\/v2\/product\/8854","targetHints":{"allow":["GET"]}}],"collection":[{"href":"https:\/\/deportenis.com.co\/webn\/wp-json\/wp\/v2\/product"}],"about":[{"href":"https:\/\/deportenis.com.co\/webn\/wp-json\/wp\/v2\/types\/product"}],"replies":[{"embeddable":true,"href":"https:\/\/deportenis.com.co\/webn\/wp-json\/wp\/v2\/comments?post=8854"}],"version-history":[{"count":1,"href":"https:\/\/deportenis.com.co\/webn\/wp-json\/wp\/v2\/product\/8854\/revisions"}],"predecessor-version":[{"id":11797,"href":"https:\/\/deportenis.com.co\/webn\/wp-json\/wp\/v2\/product\/8854\/revisions\/11797"}],"wp:featuredmedia":[{"embeddable":true,"href":"https:\/\/deportenis.com.co\/webn\/wp-json\/wp\/v2\/media\/9200"}],"wp:attachment":[{"href":"https:\/\/deportenis.com.co\/webn\/wp-json\/wp\/v2\/media?parent=8854"}],"wp:term":[{"taxonomy":"product_brand","embeddable":true,"href":"https:\/\/deportenis.com.co\/webn\/wp-json\/wp\/v2\/product_brand?post=8854"},{"taxonomy":"product_cat","embeddable":true,"href":"https:\/\/deportenis.com.co\/webn\/wp-json\/wp\/v2\/product_cat?post=8854"},{"taxonomy":"product_tag","embeddable":true,"href":"https:\/\/deportenis.com.co\/webn\/wp-json\/wp\/v2\/product_tag?post=8854"}],"curies":[{"name":"wp","href":"https:\/\/api.w.org\/{rel}","templated":true}]}}