{"id":7835,"date":"2024-09-12T17:27:02","date_gmt":"2024-09-12T17:27:02","guid":{"rendered":"https:\/\/deportenis.com.co\/webn\/?post_type=product&#038;p=7835"},"modified":"2026-02-05T17:48:04","modified_gmt":"2026-02-05T17:48:04","slug":"wilson-rush-pro-ace-clay-azul-rojo","status":"publish","type":"product","link":"https:\/\/deportenis.com.co\/webn\/product\/wilson-rush-pro-ace-clay-azul-rojo\/","title":{"rendered":"Wilson Rush Pro Ace Clay Azul\/Rojo"},"content":{"rendered":"<p><a href=\"https:\/\/deportenis.com.co\/webn\/wp-content\/uploads\/2024\/09\/WILSON-1.jpg\"><img loading=\"lazy\" decoding=\"async\" class=\"alignnone wp-image-7132\" src=\"https:\/\/deportenis.com.co\/webn\/wp-content\/uploads\/2024\/09\/WILSON-1.jpg\" alt=\"\" width=\"224\" height=\"55\" \/><\/a><\/p>\n<p><strong>Rush Pro Ace Clay<\/strong><b><\/b><\/p>\n<p>Destaca por su puntera m\u00e1s ancha para responder a los pies m\u00e1s anchos, la Rush Pro Ace fusiona la malla transpirable y la amortiguaci\u00f3n de la ca\u00edda del tal\u00f3n a la puntera para proporcionar el m\u00e1ximo confort y apoyo en la pista de tenis.<\/p>\n<p><b>Caracter\u00edsticas:<\/b><\/p>\n<p>La\u00a0<strong>tecnolog\u00eda 4D Support Chassis<\/strong>\u00a0limita la supinaci\u00f3n y la torsi\u00f3n para permitir controlar los movimientos pivotantes a la vez que se cargan potentes golpes, lo que crea una estabilidad superior<\/p>\n<p><strong>Sensifeel<\/strong> tiene una parte superior de capas m\u00ednimas para mejorar la comodidad y mantener una sujeci\u00f3n superior<\/p>\n","protected":false},"excerpt":{"rendered":"<p>Rush Pro Ace Clay Destaca por su puntera m\u00e1s ancha para responder a los pies m\u00e1s anchos, la Rush Pro Ace fusiona la malla transpirable y la amortiguaci\u00f3n de la ca\u00edda del tal\u00f3n a la puntera para proporcionar el m\u00e1ximo confort y apoyo en la pista de tenis. Caracter\u00edsticas: La\u00a0tecnolog\u00eda 4D Support Chassis\u00a0limita la supinaci\u00f3n &hellip; <a href=\"https:\/\/deportenis.com.co\/webn\/product\/wilson-rush-pro-ace-clay-azul-rojo\/\" class=\"more-link\">Continue reading <span class=\"screen-reader-text\">Wilson Rush Pro Ace Clay Azul\/Rojo<\/span><\/a><\/p>\n","protected":false},"featured_media":7840,"comment_status":"open","ping_status":"closed","template":"","meta":[],"product_brand":[],"product_cat":[175],"product_tag":[418,415],"class_list":{"0":"post-7835","1":"product","2":"type-product","3":"status-publish","4":"has-post-thumbnail","6":"product_cat-tenis-hombre","7":"product_tag-418","8":"product_tag-8-5","9":"pa_talla-145","10":"pa_talla-142","11":"pa_talla-8-5","12":"pa_talla-143","13":"pa_talla-9-5","16":"instock","17":"taxable","18":"shipping-taxable","19":"purchasable","20":"product-type-variable"},"yoast_head":"<!-- This site is optimized with the Yoast SEO plugin v27.5 - https:\/\/yoast.com\/product\/yoast-seo-wordpress\/ -->\n<title>Wilson Rush Pro Ace Clay Azul\/Rojo - Deportenis<\/title>\n<meta name=\"description\" content=\"La zapatilla con el ajuste m\u00e1s generoso de la popular l\u00ednea Rush Pro, la Rush Pro Ace Clay obtiene altas calificaciones para los tenistas con una fuerte preferencia por la comodidad en la pista. Destacada por su ajuste 2E para acomodar pies m\u00e1s anchos, esta zapatilla tambi\u00e9n ayuda a estabilizar el pie a trav\u00e9s de su chasis de soporte 4D: un chasis sim\u00e9trico de tal\u00f3n a dedo que limita la supinaci\u00f3n para ayudar a controlar los movimientos de pivote. Con una capa de Sensifeel en la parte superior para proporcionar una mayor transpirabilidad, las Rush Pro Ace ofrecen una atractiva mezcla de comodidad, estabilidad y est\u00e9tica para una confianza suprema en cada paso.\" \/>\n<meta name=\"robots\" content=\"index, follow, max-snippet:-1, max-image-preview:large, max-video-preview:-1\" \/>\n<link rel=\"canonical\" href=\"https:\/\/deportenis.com.co\/webn\/product\/wilson-rush-pro-ace-clay-azul-rojo\/\" \/>\n<meta property=\"og:locale\" content=\"es_ES\" \/>\n<meta property=\"og:type\" content=\"article\" \/>\n<meta property=\"og:title\" content=\"Wilson Rush Pro Ace Clay Azul\/Rojo - Deportenis\" \/>\n<meta property=\"og:description\" content=\"La zapatilla con el ajuste m\u00e1s generoso de la popular l\u00ednea Rush Pro, la Rush Pro Ace Clay obtiene altas calificaciones para los tenistas con una fuerte preferencia por la comodidad en la pista. Destacada por su ajuste 2E para acomodar pies m\u00e1s anchos, esta zapatilla tambi\u00e9n ayuda a estabilizar el pie a trav\u00e9s de su chasis de soporte 4D: un chasis sim\u00e9trico de tal\u00f3n a dedo que limita la supinaci\u00f3n para ayudar a controlar los movimientos de pivote. Con una capa de Sensifeel en la parte superior para proporcionar una mayor transpirabilidad, las Rush Pro Ace ofrecen una atractiva mezcla de comodidad, estabilidad y est\u00e9tica para una confianza suprema en cada paso.\" \/>\n<meta property=\"og:url\" content=\"https:\/\/deportenis.com.co\/webn\/product\/wilson-rush-pro-ace-clay-azul-rojo\/\" \/>\n<meta property=\"og:site_name\" content=\"Deportenis\" \/>\n<meta property=\"article:publisher\" content=\"https:\/\/es-la.facebook.com\/Deportenis-100144375089820\/videos\/servicio-de-encordado-y-mantenimiento-de-tus-raquetaspregunta-por-los-colores-y-\/286780695898417\/\" \/>\n<meta property=\"article:modified_time\" content=\"2026-02-05T17:48:04+00:00\" \/>\n<meta property=\"og:image\" content=\"https:\/\/deportenis.com.co\/webn\/wp-content\/uploads\/2024\/09\/RushProAce-1-1.jpg\" \/>\n\t<meta property=\"og:image:width\" content=\"1000\" \/>\n\t<meta property=\"og:image:height\" content=\"1000\" \/>\n\t<meta property=\"og:image:type\" content=\"image\/jpeg\" \/>\n<meta name=\"twitter:card\" content=\"summary_large_image\" \/>\n<meta name=\"twitter:label1\" content=\"Tiempo de lectura\" \/>\n\t<meta name=\"twitter:data1\" content=\"1 minuto\" \/>\n<script type=\"application\/ld+json\" class=\"yoast-schema-graph\">{\"@context\":\"https:\\\/\\\/schema.org\",\"@graph\":[{\"@type\":\"WebPage\",\"@id\":\"https:\\\/\\\/deportenis.com.co\\\/webn\\\/product\\\/wilson-rush-pro-ace-clay-azul-rojo\\\/\",\"url\":\"https:\\\/\\\/deportenis.com.co\\\/webn\\\/product\\\/wilson-rush-pro-ace-clay-azul-rojo\\\/\",\"name\":\"Wilson Rush Pro Ace Clay Azul\\\/Rojo - Deportenis\",\"isPartOf\":{\"@id\":\"https:\\\/\\\/deportenis.com.co\\\/webn\\\/#website\"},\"primaryImageOfPage\":{\"@id\":\"https:\\\/\\\/deportenis.com.co\\\/webn\\\/product\\\/wilson-rush-pro-ace-clay-azul-rojo\\\/#primaryimage\"},\"image\":{\"@id\":\"https:\\\/\\\/deportenis.com.co\\\/webn\\\/product\\\/wilson-rush-pro-ace-clay-azul-rojo\\\/#primaryimage\"},\"thumbnailUrl\":\"https:\\\/\\\/deportenis.com.co\\\/webn\\\/wp-content\\\/uploads\\\/2024\\\/09\\\/RushProAce-1-1.jpg\",\"datePublished\":\"2024-09-12T17:27:02+00:00\",\"dateModified\":\"2026-02-05T17:48:04+00:00\",\"description\":\"La zapatilla con el ajuste m\u00e1s generoso de la popular l\u00ednea Rush Pro, la Rush Pro Ace Clay obtiene altas calificaciones para los tenistas con una fuerte preferencia por la comodidad en la pista. Destacada por su ajuste 2E para acomodar pies m\u00e1s anchos, esta zapatilla tambi\u00e9n ayuda a estabilizar el pie a trav\u00e9s de su chasis de soporte 4D: un chasis sim\u00e9trico de tal\u00f3n a dedo que limita la supinaci\u00f3n para ayudar a controlar los movimientos de pivote. Con una capa de Sensifeel en la parte superior para proporcionar una mayor transpirabilidad, las Rush Pro Ace ofrecen una atractiva mezcla de comodidad, estabilidad y est\u00e9tica para una confianza suprema en cada paso.\",\"breadcrumb\":{\"@id\":\"https:\\\/\\\/deportenis.com.co\\\/webn\\\/product\\\/wilson-rush-pro-ace-clay-azul-rojo\\\/#breadcrumb\"},\"inLanguage\":\"es\",\"potentialAction\":[{\"@type\":\"ReadAction\",\"target\":[\"https:\\\/\\\/deportenis.com.co\\\/webn\\\/product\\\/wilson-rush-pro-ace-clay-azul-rojo\\\/\"]}]},{\"@type\":\"ImageObject\",\"inLanguage\":\"es\",\"@id\":\"https:\\\/\\\/deportenis.com.co\\\/webn\\\/product\\\/wilson-rush-pro-ace-clay-azul-rojo\\\/#primaryimage\",\"url\":\"https:\\\/\\\/deportenis.com.co\\\/webn\\\/wp-content\\\/uploads\\\/2024\\\/09\\\/RushProAce-1-1.jpg\",\"contentUrl\":\"https:\\\/\\\/deportenis.com.co\\\/webn\\\/wp-content\\\/uploads\\\/2024\\\/09\\\/RushProAce-1-1.jpg\",\"width\":1000,\"height\":1000},{\"@type\":\"BreadcrumbList\",\"@id\":\"https:\\\/\\\/deportenis.com.co\\\/webn\\\/product\\\/wilson-rush-pro-ace-clay-azul-rojo\\\/#breadcrumb\",\"itemListElement\":[{\"@type\":\"ListItem\",\"position\":1,\"name\":\"Portada\",\"item\":\"https:\\\/\\\/deportenis.com.co\\\/webn\\\/\"},{\"@type\":\"ListItem\",\"position\":2,\"name\":\"Tienda\",\"item\":\"https:\\\/\\\/deportenis.com.co\\\/webn\\\/tienda\\\/\"},{\"@type\":\"ListItem\",\"position\":3,\"name\":\"Wilson Rush Pro Ace Clay Azul\\\/Rojo\"}]},{\"@type\":\"WebSite\",\"@id\":\"https:\\\/\\\/deportenis.com.co\\\/webn\\\/#website\",\"url\":\"https:\\\/\\\/deportenis.com.co\\\/webn\\\/\",\"name\":\"www.deportenis.com.co\",\"description\":\"Tienda Deportiva\",\"publisher\":{\"@id\":\"https:\\\/\\\/deportenis.com.co\\\/webn\\\/#organization\"},\"potentialAction\":[{\"@type\":\"SearchAction\",\"target\":{\"@type\":\"EntryPoint\",\"urlTemplate\":\"https:\\\/\\\/deportenis.com.co\\\/webn\\\/?s={search_term_string}\"},\"query-input\":{\"@type\":\"PropertyValueSpecification\",\"valueRequired\":true,\"valueName\":\"search_term_string\"}}],\"inLanguage\":\"es\"},{\"@type\":\"Organization\",\"@id\":\"https:\\\/\\\/deportenis.com.co\\\/webn\\\/#organization\",\"name\":\"Deportenis\",\"url\":\"https:\\\/\\\/deportenis.com.co\\\/webn\\\/\",\"logo\":{\"@type\":\"ImageObject\",\"inLanguage\":\"es\",\"@id\":\"https:\\\/\\\/deportenis.com.co\\\/webn\\\/#\\\/schema\\\/logo\\\/image\\\/\",\"url\":\"https:\\\/\\\/deportenis.com.co\\\/webn\\\/wp-content\\\/uploads\\\/2024\\\/07\\\/logo.png\",\"contentUrl\":\"https:\\\/\\\/deportenis.com.co\\\/webn\\\/wp-content\\\/uploads\\\/2024\\\/07\\\/logo.png\",\"width\":238,\"height\":200,\"caption\":\"Deportenis\"},\"image\":{\"@id\":\"https:\\\/\\\/deportenis.com.co\\\/webn\\\/#\\\/schema\\\/logo\\\/image\\\/\"},\"sameAs\":[\"https:\\\/\\\/es-la.facebook.com\\\/Deportenis-100144375089820\\\/videos\\\/servicio-de-encordado-y-mantenimiento-de-tus-raquetaspregunta-por-los-colores-y-\\\/286780695898417\\\/\",\"https:\\\/\\\/www.instagram.com\\\/invites\\\/contact\\\/?igsh=1u3n44d031yux&utm_content=67nx4x8\"]}]}<\/script>\n<!-- \/ Yoast SEO plugin. -->","yoast_head_json":{"title":"Wilson Rush Pro Ace Clay Azul\/Rojo - Deportenis","description":"La zapatilla con el ajuste m\u00e1s generoso de la popular l\u00ednea Rush Pro, la Rush Pro Ace Clay obtiene altas calificaciones para los tenistas con una fuerte preferencia por la comodidad en la pista. Destacada por su ajuste 2E para acomodar pies m\u00e1s anchos, esta zapatilla tambi\u00e9n ayuda a estabilizar el pie a trav\u00e9s de su chasis de soporte 4D: un chasis sim\u00e9trico de tal\u00f3n a dedo que limita la supinaci\u00f3n para ayudar a controlar los movimientos de pivote. Con una capa de Sensifeel en la parte superior para proporcionar una mayor transpirabilidad, las Rush Pro Ace ofrecen una atractiva mezcla de comodidad, estabilidad y est\u00e9tica para una confianza suprema en cada paso.","robots":{"index":"index","follow":"follow","max-snippet":"max-snippet:-1","max-image-preview":"max-image-preview:large","max-video-preview":"max-video-preview:-1"},"canonical":"https:\/\/deportenis.com.co\/webn\/product\/wilson-rush-pro-ace-clay-azul-rojo\/","og_locale":"es_ES","og_type":"article","og_title":"Wilson Rush Pro Ace Clay Azul\/Rojo - Deportenis","og_description":"La zapatilla con el ajuste m\u00e1s generoso de la popular l\u00ednea Rush Pro, la Rush Pro Ace Clay obtiene altas calificaciones para los tenistas con una fuerte preferencia por la comodidad en la pista. Destacada por su ajuste 2E para acomodar pies m\u00e1s anchos, esta zapatilla tambi\u00e9n ayuda a estabilizar el pie a trav\u00e9s de su chasis de soporte 4D: un chasis sim\u00e9trico de tal\u00f3n a dedo que limita la supinaci\u00f3n para ayudar a controlar los movimientos de pivote. Con una capa de Sensifeel en la parte superior para proporcionar una mayor transpirabilidad, las Rush Pro Ace ofrecen una atractiva mezcla de comodidad, estabilidad y est\u00e9tica para una confianza suprema en cada paso.","og_url":"https:\/\/deportenis.com.co\/webn\/product\/wilson-rush-pro-ace-clay-azul-rojo\/","og_site_name":"Deportenis","article_publisher":"https:\/\/es-la.facebook.com\/Deportenis-100144375089820\/videos\/servicio-de-encordado-y-mantenimiento-de-tus-raquetaspregunta-por-los-colores-y-\/286780695898417\/","article_modified_time":"2026-02-05T17:48:04+00:00","og_image":[{"width":1000,"height":1000,"url":"https:\/\/deportenis.com.co\/webn\/wp-content\/uploads\/2024\/09\/RushProAce-1-1.jpg","type":"image\/jpeg"}],"twitter_card":"summary_large_image","twitter_misc":{"Tiempo de lectura":"1 minuto"},"schema":{"@context":"https:\/\/schema.org","@graph":[{"@type":"WebPage","@id":"https:\/\/deportenis.com.co\/webn\/product\/wilson-rush-pro-ace-clay-azul-rojo\/","url":"https:\/\/deportenis.com.co\/webn\/product\/wilson-rush-pro-ace-clay-azul-rojo\/","name":"Wilson Rush Pro Ace Clay Azul\/Rojo - Deportenis","isPartOf":{"@id":"https:\/\/deportenis.com.co\/webn\/#website"},"primaryImageOfPage":{"@id":"https:\/\/deportenis.com.co\/webn\/product\/wilson-rush-pro-ace-clay-azul-rojo\/#primaryimage"},"image":{"@id":"https:\/\/deportenis.com.co\/webn\/product\/wilson-rush-pro-ace-clay-azul-rojo\/#primaryimage"},"thumbnailUrl":"https:\/\/deportenis.com.co\/webn\/wp-content\/uploads\/2024\/09\/RushProAce-1-1.jpg","datePublished":"2024-09-12T17:27:02+00:00","dateModified":"2026-02-05T17:48:04+00:00","description":"La zapatilla con el ajuste m\u00e1s generoso de la popular l\u00ednea Rush Pro, la Rush Pro Ace Clay obtiene altas calificaciones para los tenistas con una fuerte preferencia por la comodidad en la pista. Destacada por su ajuste 2E para acomodar pies m\u00e1s anchos, esta zapatilla tambi\u00e9n ayuda a estabilizar el pie a trav\u00e9s de su chasis de soporte 4D: un chasis sim\u00e9trico de tal\u00f3n a dedo que limita la supinaci\u00f3n para ayudar a controlar los movimientos de pivote. Con una capa de Sensifeel en la parte superior para proporcionar una mayor transpirabilidad, las Rush Pro Ace ofrecen una atractiva mezcla de comodidad, estabilidad y est\u00e9tica para una confianza suprema en cada paso.","breadcrumb":{"@id":"https:\/\/deportenis.com.co\/webn\/product\/wilson-rush-pro-ace-clay-azul-rojo\/#breadcrumb"},"inLanguage":"es","potentialAction":[{"@type":"ReadAction","target":["https:\/\/deportenis.com.co\/webn\/product\/wilson-rush-pro-ace-clay-azul-rojo\/"]}]},{"@type":"ImageObject","inLanguage":"es","@id":"https:\/\/deportenis.com.co\/webn\/product\/wilson-rush-pro-ace-clay-azul-rojo\/#primaryimage","url":"https:\/\/deportenis.com.co\/webn\/wp-content\/uploads\/2024\/09\/RushProAce-1-1.jpg","contentUrl":"https:\/\/deportenis.com.co\/webn\/wp-content\/uploads\/2024\/09\/RushProAce-1-1.jpg","width":1000,"height":1000},{"@type":"BreadcrumbList","@id":"https:\/\/deportenis.com.co\/webn\/product\/wilson-rush-pro-ace-clay-azul-rojo\/#breadcrumb","itemListElement":[{"@type":"ListItem","position":1,"name":"Portada","item":"https:\/\/deportenis.com.co\/webn\/"},{"@type":"ListItem","position":2,"name":"Tienda","item":"https:\/\/deportenis.com.co\/webn\/tienda\/"},{"@type":"ListItem","position":3,"name":"Wilson Rush Pro Ace Clay Azul\/Rojo"}]},{"@type":"WebSite","@id":"https:\/\/deportenis.com.co\/webn\/#website","url":"https:\/\/deportenis.com.co\/webn\/","name":"www.deportenis.com.co","description":"Tienda Deportiva","publisher":{"@id":"https:\/\/deportenis.com.co\/webn\/#organization"},"potentialAction":[{"@type":"SearchAction","target":{"@type":"EntryPoint","urlTemplate":"https:\/\/deportenis.com.co\/webn\/?s={search_term_string}"},"query-input":{"@type":"PropertyValueSpecification","valueRequired":true,"valueName":"search_term_string"}}],"inLanguage":"es"},{"@type":"Organization","@id":"https:\/\/deportenis.com.co\/webn\/#organization","name":"Deportenis","url":"https:\/\/deportenis.com.co\/webn\/","logo":{"@type":"ImageObject","inLanguage":"es","@id":"https:\/\/deportenis.com.co\/webn\/#\/schema\/logo\/image\/","url":"https:\/\/deportenis.com.co\/webn\/wp-content\/uploads\/2024\/07\/logo.png","contentUrl":"https:\/\/deportenis.com.co\/webn\/wp-content\/uploads\/2024\/07\/logo.png","width":238,"height":200,"caption":"Deportenis"},"image":{"@id":"https:\/\/deportenis.com.co\/webn\/#\/schema\/logo\/image\/"},"sameAs":["https:\/\/es-la.facebook.com\/Deportenis-100144375089820\/videos\/servicio-de-encordado-y-mantenimiento-de-tus-raquetaspregunta-por-los-colores-y-\/286780695898417\/","https:\/\/www.instagram.com\/invites\/contact\/?igsh=1u3n44d031yux&utm_content=67nx4x8"]}]}},"_links":{"self":[{"href":"https:\/\/deportenis.com.co\/webn\/wp-json\/wp\/v2\/product\/7835","targetHints":{"allow":["GET"]}}],"collection":[{"href":"https:\/\/deportenis.com.co\/webn\/wp-json\/wp\/v2\/product"}],"about":[{"href":"https:\/\/deportenis.com.co\/webn\/wp-json\/wp\/v2\/types\/product"}],"replies":[{"embeddable":true,"href":"https:\/\/deportenis.com.co\/webn\/wp-json\/wp\/v2\/comments?post=7835"}],"version-history":[{"count":0,"href":"https:\/\/deportenis.com.co\/webn\/wp-json\/wp\/v2\/product\/7835\/revisions"}],"wp:featuredmedia":[{"embeddable":true,"href":"https:\/\/deportenis.com.co\/webn\/wp-json\/wp\/v2\/media\/7840"}],"wp:attachment":[{"href":"https:\/\/deportenis.com.co\/webn\/wp-json\/wp\/v2\/media?parent=7835"}],"wp:term":[{"taxonomy":"product_brand","embeddable":true,"href":"https:\/\/deportenis.com.co\/webn\/wp-json\/wp\/v2\/product_brand?post=7835"},{"taxonomy":"product_cat","embeddable":true,"href":"https:\/\/deportenis.com.co\/webn\/wp-json\/wp\/v2\/product_cat?post=7835"},{"taxonomy":"product_tag","embeddable":true,"href":"https:\/\/deportenis.com.co\/webn\/wp-json\/wp\/v2\/product_tag?post=7835"}],"curies":[{"name":"wp","href":"https:\/\/api.w.org\/{rel}","templated":true}]}}