{"id":6680,"date":"2024-08-18T00:59:22","date_gmt":"2024-08-18T00:59:22","guid":{"rendered":"https:\/\/deportenis.com.co\/webn\/?post_type=product&#038;p=6680"},"modified":"2026-02-20T20:07:27","modified_gmt":"2026-02-20T20:07:27","slug":"fiber-touch-signum-pro","status":"publish","type":"product","link":"https:\/\/deportenis.com.co\/webn\/product\/fiber-touch-signum-pro\/","title":{"rendered":"Fiber Touch Signum Pro &#8211; Multifilamento"},"content":{"rendered":"<pre class=\"tw-data-text tw-text-large tw-ta\" dir=\"ltr\" data-placeholder=\"Traducci\u00f3n\"><span class=\"Y2IQFc\" lang=\"es\" style=\"font-size: 12pt; font-family: arial, helvetica, sans-serif;\"><a href=\"https:\/\/deportenis.com.co\/webn\/wp-content\/uploads\/2024\/08\/signum.png\"><img loading=\"lazy\" decoding=\"async\" class=\"alignnone size-full wp-image-6681\" src=\"https:\/\/deportenis.com.co\/webn\/wp-content\/uploads\/2024\/08\/signum.png\" alt=\"\" width=\"214\" height=\"38\" \/><\/a><\/span><\/pre>\n<p>La cuerda <strong>Fiber Touch de Signum Pro<\/strong> es una excelente opci\u00f3n para raquetas de tenis, especialmente para jugadores que buscan una cuerda de multifilamento de alta calidad. Este tipo de cuerda est\u00e1 dise\u00f1ado para ofrecer una combinaci\u00f3n equilibrada de comodidad, control y sensibilidad en el juego.<\/p>\n<h4>Caracter\u00edsticas:<\/h4>\n<ul>\n<li><strong>Material multifilamento<\/strong>: Ideal para absorber impactos y reducir la vibraci\u00f3n, lo que protege el brazo del jugador, especialmente en golpes m\u00e1s fuertes.<\/li>\n<li><strong>Sensibilidad<\/strong>: Proporciona una excelente sensaci\u00f3n al golpear la pelota, facilitando el control y el toque preciso.<\/li>\n<li><strong>Durabilidad moderada<\/strong>: Aunque no es tan resistente como las cuerdas monofilamento, su dise\u00f1o asegura una buena vida \u00fatil para jugadores recreativos o aquellos que no rompen cuerdas con frecuencia.<\/li>\n<li><strong>F\u00e1cil encordado<\/strong>: Las cuerdas multifilamento suelen ser m\u00e1s flexibles, lo que facilita el trabajo de encordado y asegura una tensi\u00f3n uniforme.<\/li>\n<\/ul>\n<h4>\u00bfPara qui\u00e9n es ideal?<\/h4>\n<ul>\n<li>Jugadores que priorizan el confort y la protecci\u00f3n del brazo.<\/li>\n<li>Tenistas que buscan m\u00e1s control y una buena sensaci\u00f3n al golpear.<\/li>\n<li>Perfecta para jugadores de nivel intermedio a avanzado, pero tambi\u00e9n puede beneficiar a principiantes que necesitan reducir la tensi\u00f3n en el brazo.<\/li>\n<\/ul>\n<pre id=\"tw-target-text\" class=\"tw-data-text tw-text-large tw-ta\" dir=\"ltr\" data-placeholder=\"Traducci\u00f3n\"><span class=\"Y2IQFc\" lang=\"es\" style=\"font-size: 12pt; font-family: arial, helvetica, sans-serif;\">\u00a0<\/span><\/pre>\n<p>&nbsp;<\/p>\n","protected":false},"excerpt":{"rendered":"<p>MULTIFILAMENTO<\/p>\n","protected":false},"featured_media":6682,"comment_status":"open","ping_status":"closed","template":"","meta":[],"product_brand":[],"product_cat":[178],"product_tag":[],"class_list":{"0":"post-6680","1":"product","2":"type-product","3":"status-publish","4":"has-post-thumbnail","6":"product_cat-cuerdas","9":"instock","10":"taxable","11":"shipping-taxable","12":"purchasable","13":"product-type-simple"},"yoast_head":"<!-- This site is optimized with the Yoast SEO plugin v27.5 - https:\/\/yoast.com\/product\/yoast-seo-wordpress\/ -->\n<title>Fiber Touch Signum Pro - Multifilamento - Deportenis<\/title>\n<meta name=\"description\" content=\"La cuerda Fiber Touch de Signum Pro es una excelente opci\u00f3n para raquetas de tenis, especialmente para jugadores que buscan una cuerda de multifilamento de alta calidad. Este tipo de cuerda est\u00e1 dise\u00f1ado para ofrecer una combinaci\u00f3n equilibrada de comodidad, control y sensibilidad en el juego.\" \/>\n<meta name=\"robots\" content=\"index, follow, max-snippet:-1, max-image-preview:large, max-video-preview:-1\" \/>\n<link rel=\"canonical\" href=\"https:\/\/deportenis.com.co\/webn\/product\/fiber-touch-signum-pro\/\" \/>\n<meta property=\"og:locale\" content=\"es_ES\" \/>\n<meta property=\"og:type\" content=\"article\" \/>\n<meta property=\"og:title\" content=\"Fiber Touch Signum Pro - Multifilamento - Deportenis\" \/>\n<meta property=\"og:description\" content=\"La cuerda Fiber Touch de Signum Pro es una excelente opci\u00f3n para raquetas de tenis, especialmente para jugadores que buscan una cuerda de multifilamento de alta calidad. Este tipo de cuerda est\u00e1 dise\u00f1ado para ofrecer una combinaci\u00f3n equilibrada de comodidad, control y sensibilidad en el juego.\" \/>\n<meta property=\"og:url\" content=\"https:\/\/deportenis.com.co\/webn\/product\/fiber-touch-signum-pro\/\" \/>\n<meta property=\"og:site_name\" content=\"Deportenis\" \/>\n<meta property=\"article:publisher\" content=\"https:\/\/es-la.facebook.com\/Deportenis-100144375089820\/videos\/servicio-de-encordado-y-mantenimiento-de-tus-raquetaspregunta-por-los-colores-y-\/286780695898417\/\" \/>\n<meta property=\"article:modified_time\" content=\"2026-02-20T20:07:27+00:00\" \/>\n<meta property=\"og:image\" content=\"https:\/\/deportenis.com.co\/webn\/wp-content\/uploads\/2024\/08\/SIGNUM-PRO-FIBER.png\" \/>\n\t<meta property=\"og:image:width\" content=\"1000\" \/>\n\t<meta property=\"og:image:height\" content=\"1000\" \/>\n\t<meta property=\"og:image:type\" content=\"image\/png\" \/>\n<meta name=\"twitter:card\" content=\"summary_large_image\" \/>\n<meta name=\"twitter:label1\" content=\"Tiempo de lectura\" \/>\n\t<meta name=\"twitter:data1\" content=\"2 minutos\" \/>\n<script type=\"application\/ld+json\" class=\"yoast-schema-graph\">{\"@context\":\"https:\\\/\\\/schema.org\",\"@graph\":[{\"@type\":\"WebPage\",\"@id\":\"https:\\\/\\\/deportenis.com.co\\\/webn\\\/product\\\/fiber-touch-signum-pro\\\/\",\"url\":\"https:\\\/\\\/deportenis.com.co\\\/webn\\\/product\\\/fiber-touch-signum-pro\\\/\",\"name\":\"Fiber Touch Signum Pro - Multifilamento - Deportenis\",\"isPartOf\":{\"@id\":\"https:\\\/\\\/deportenis.com.co\\\/webn\\\/#website\"},\"primaryImageOfPage\":{\"@id\":\"https:\\\/\\\/deportenis.com.co\\\/webn\\\/product\\\/fiber-touch-signum-pro\\\/#primaryimage\"},\"image\":{\"@id\":\"https:\\\/\\\/deportenis.com.co\\\/webn\\\/product\\\/fiber-touch-signum-pro\\\/#primaryimage\"},\"thumbnailUrl\":\"https:\\\/\\\/deportenis.com.co\\\/webn\\\/wp-content\\\/uploads\\\/2024\\\/08\\\/SIGNUM-PRO-FIBER.png\",\"datePublished\":\"2024-08-18T00:59:22+00:00\",\"dateModified\":\"2026-02-20T20:07:27+00:00\",\"description\":\"La cuerda Fiber Touch de Signum Pro es una excelente opci\u00f3n para raquetas de tenis, especialmente para jugadores que buscan una cuerda de multifilamento de alta calidad. Este tipo de cuerda est\u00e1 dise\u00f1ado para ofrecer una combinaci\u00f3n equilibrada de comodidad, control y sensibilidad en el juego.\",\"breadcrumb\":{\"@id\":\"https:\\\/\\\/deportenis.com.co\\\/webn\\\/product\\\/fiber-touch-signum-pro\\\/#breadcrumb\"},\"inLanguage\":\"es\",\"potentialAction\":[{\"@type\":\"ReadAction\",\"target\":[\"https:\\\/\\\/deportenis.com.co\\\/webn\\\/product\\\/fiber-touch-signum-pro\\\/\"]}]},{\"@type\":\"ImageObject\",\"inLanguage\":\"es\",\"@id\":\"https:\\\/\\\/deportenis.com.co\\\/webn\\\/product\\\/fiber-touch-signum-pro\\\/#primaryimage\",\"url\":\"https:\\\/\\\/deportenis.com.co\\\/webn\\\/wp-content\\\/uploads\\\/2024\\\/08\\\/SIGNUM-PRO-FIBER.png\",\"contentUrl\":\"https:\\\/\\\/deportenis.com.co\\\/webn\\\/wp-content\\\/uploads\\\/2024\\\/08\\\/SIGNUM-PRO-FIBER.png\",\"width\":1000,\"height\":1000},{\"@type\":\"BreadcrumbList\",\"@id\":\"https:\\\/\\\/deportenis.com.co\\\/webn\\\/product\\\/fiber-touch-signum-pro\\\/#breadcrumb\",\"itemListElement\":[{\"@type\":\"ListItem\",\"position\":1,\"name\":\"Portada\",\"item\":\"https:\\\/\\\/deportenis.com.co\\\/webn\\\/\"},{\"@type\":\"ListItem\",\"position\":2,\"name\":\"Tienda\",\"item\":\"https:\\\/\\\/deportenis.com.co\\\/webn\\\/tienda\\\/\"},{\"@type\":\"ListItem\",\"position\":3,\"name\":\"Fiber Touch Signum Pro &#8211; Multifilamento\"}]},{\"@type\":\"WebSite\",\"@id\":\"https:\\\/\\\/deportenis.com.co\\\/webn\\\/#website\",\"url\":\"https:\\\/\\\/deportenis.com.co\\\/webn\\\/\",\"name\":\"www.deportenis.com.co\",\"description\":\"Tienda Deportiva\",\"publisher\":{\"@id\":\"https:\\\/\\\/deportenis.com.co\\\/webn\\\/#organization\"},\"potentialAction\":[{\"@type\":\"SearchAction\",\"target\":{\"@type\":\"EntryPoint\",\"urlTemplate\":\"https:\\\/\\\/deportenis.com.co\\\/webn\\\/?s={search_term_string}\"},\"query-input\":{\"@type\":\"PropertyValueSpecification\",\"valueRequired\":true,\"valueName\":\"search_term_string\"}}],\"inLanguage\":\"es\"},{\"@type\":\"Organization\",\"@id\":\"https:\\\/\\\/deportenis.com.co\\\/webn\\\/#organization\",\"name\":\"Deportenis\",\"url\":\"https:\\\/\\\/deportenis.com.co\\\/webn\\\/\",\"logo\":{\"@type\":\"ImageObject\",\"inLanguage\":\"es\",\"@id\":\"https:\\\/\\\/deportenis.com.co\\\/webn\\\/#\\\/schema\\\/logo\\\/image\\\/\",\"url\":\"https:\\\/\\\/deportenis.com.co\\\/webn\\\/wp-content\\\/uploads\\\/2024\\\/07\\\/logo.png\",\"contentUrl\":\"https:\\\/\\\/deportenis.com.co\\\/webn\\\/wp-content\\\/uploads\\\/2024\\\/07\\\/logo.png\",\"width\":238,\"height\":200,\"caption\":\"Deportenis\"},\"image\":{\"@id\":\"https:\\\/\\\/deportenis.com.co\\\/webn\\\/#\\\/schema\\\/logo\\\/image\\\/\"},\"sameAs\":[\"https:\\\/\\\/es-la.facebook.com\\\/Deportenis-100144375089820\\\/videos\\\/servicio-de-encordado-y-mantenimiento-de-tus-raquetaspregunta-por-los-colores-y-\\\/286780695898417\\\/\",\"https:\\\/\\\/www.instagram.com\\\/invites\\\/contact\\\/?igsh=1u3n44d031yux&utm_content=67nx4x8\"]}]}<\/script>\n<!-- \/ Yoast SEO plugin. -->","yoast_head_json":{"title":"Fiber Touch Signum Pro - Multifilamento - Deportenis","description":"La cuerda Fiber Touch de Signum Pro es una excelente opci\u00f3n para raquetas de tenis, especialmente para jugadores que buscan una cuerda de multifilamento de alta calidad. Este tipo de cuerda est\u00e1 dise\u00f1ado para ofrecer una combinaci\u00f3n equilibrada de comodidad, control y sensibilidad en el juego.","robots":{"index":"index","follow":"follow","max-snippet":"max-snippet:-1","max-image-preview":"max-image-preview:large","max-video-preview":"max-video-preview:-1"},"canonical":"https:\/\/deportenis.com.co\/webn\/product\/fiber-touch-signum-pro\/","og_locale":"es_ES","og_type":"article","og_title":"Fiber Touch Signum Pro - Multifilamento - Deportenis","og_description":"La cuerda Fiber Touch de Signum Pro es una excelente opci\u00f3n para raquetas de tenis, especialmente para jugadores que buscan una cuerda de multifilamento de alta calidad. Este tipo de cuerda est\u00e1 dise\u00f1ado para ofrecer una combinaci\u00f3n equilibrada de comodidad, control y sensibilidad en el juego.","og_url":"https:\/\/deportenis.com.co\/webn\/product\/fiber-touch-signum-pro\/","og_site_name":"Deportenis","article_publisher":"https:\/\/es-la.facebook.com\/Deportenis-100144375089820\/videos\/servicio-de-encordado-y-mantenimiento-de-tus-raquetaspregunta-por-los-colores-y-\/286780695898417\/","article_modified_time":"2026-02-20T20:07:27+00:00","og_image":[{"width":1000,"height":1000,"url":"https:\/\/deportenis.com.co\/webn\/wp-content\/uploads\/2024\/08\/SIGNUM-PRO-FIBER.png","type":"image\/png"}],"twitter_card":"summary_large_image","twitter_misc":{"Tiempo de lectura":"2 minutos"},"schema":{"@context":"https:\/\/schema.org","@graph":[{"@type":"WebPage","@id":"https:\/\/deportenis.com.co\/webn\/product\/fiber-touch-signum-pro\/","url":"https:\/\/deportenis.com.co\/webn\/product\/fiber-touch-signum-pro\/","name":"Fiber Touch Signum Pro - Multifilamento - Deportenis","isPartOf":{"@id":"https:\/\/deportenis.com.co\/webn\/#website"},"primaryImageOfPage":{"@id":"https:\/\/deportenis.com.co\/webn\/product\/fiber-touch-signum-pro\/#primaryimage"},"image":{"@id":"https:\/\/deportenis.com.co\/webn\/product\/fiber-touch-signum-pro\/#primaryimage"},"thumbnailUrl":"https:\/\/deportenis.com.co\/webn\/wp-content\/uploads\/2024\/08\/SIGNUM-PRO-FIBER.png","datePublished":"2024-08-18T00:59:22+00:00","dateModified":"2026-02-20T20:07:27+00:00","description":"La cuerda Fiber Touch de Signum Pro es una excelente opci\u00f3n para raquetas de tenis, especialmente para jugadores que buscan una cuerda de multifilamento de alta calidad. Este tipo de cuerda est\u00e1 dise\u00f1ado para ofrecer una combinaci\u00f3n equilibrada de comodidad, control y sensibilidad en el juego.","breadcrumb":{"@id":"https:\/\/deportenis.com.co\/webn\/product\/fiber-touch-signum-pro\/#breadcrumb"},"inLanguage":"es","potentialAction":[{"@type":"ReadAction","target":["https:\/\/deportenis.com.co\/webn\/product\/fiber-touch-signum-pro\/"]}]},{"@type":"ImageObject","inLanguage":"es","@id":"https:\/\/deportenis.com.co\/webn\/product\/fiber-touch-signum-pro\/#primaryimage","url":"https:\/\/deportenis.com.co\/webn\/wp-content\/uploads\/2024\/08\/SIGNUM-PRO-FIBER.png","contentUrl":"https:\/\/deportenis.com.co\/webn\/wp-content\/uploads\/2024\/08\/SIGNUM-PRO-FIBER.png","width":1000,"height":1000},{"@type":"BreadcrumbList","@id":"https:\/\/deportenis.com.co\/webn\/product\/fiber-touch-signum-pro\/#breadcrumb","itemListElement":[{"@type":"ListItem","position":1,"name":"Portada","item":"https:\/\/deportenis.com.co\/webn\/"},{"@type":"ListItem","position":2,"name":"Tienda","item":"https:\/\/deportenis.com.co\/webn\/tienda\/"},{"@type":"ListItem","position":3,"name":"Fiber Touch Signum Pro &#8211; Multifilamento"}]},{"@type":"WebSite","@id":"https:\/\/deportenis.com.co\/webn\/#website","url":"https:\/\/deportenis.com.co\/webn\/","name":"www.deportenis.com.co","description":"Tienda Deportiva","publisher":{"@id":"https:\/\/deportenis.com.co\/webn\/#organization"},"potentialAction":[{"@type":"SearchAction","target":{"@type":"EntryPoint","urlTemplate":"https:\/\/deportenis.com.co\/webn\/?s={search_term_string}"},"query-input":{"@type":"PropertyValueSpecification","valueRequired":true,"valueName":"search_term_string"}}],"inLanguage":"es"},{"@type":"Organization","@id":"https:\/\/deportenis.com.co\/webn\/#organization","name":"Deportenis","url":"https:\/\/deportenis.com.co\/webn\/","logo":{"@type":"ImageObject","inLanguage":"es","@id":"https:\/\/deportenis.com.co\/webn\/#\/schema\/logo\/image\/","url":"https:\/\/deportenis.com.co\/webn\/wp-content\/uploads\/2024\/07\/logo.png","contentUrl":"https:\/\/deportenis.com.co\/webn\/wp-content\/uploads\/2024\/07\/logo.png","width":238,"height":200,"caption":"Deportenis"},"image":{"@id":"https:\/\/deportenis.com.co\/webn\/#\/schema\/logo\/image\/"},"sameAs":["https:\/\/es-la.facebook.com\/Deportenis-100144375089820\/videos\/servicio-de-encordado-y-mantenimiento-de-tus-raquetaspregunta-por-los-colores-y-\/286780695898417\/","https:\/\/www.instagram.com\/invites\/contact\/?igsh=1u3n44d031yux&utm_content=67nx4x8"]}]}},"_links":{"self":[{"href":"https:\/\/deportenis.com.co\/webn\/wp-json\/wp\/v2\/product\/6680","targetHints":{"allow":["GET"]}}],"collection":[{"href":"https:\/\/deportenis.com.co\/webn\/wp-json\/wp\/v2\/product"}],"about":[{"href":"https:\/\/deportenis.com.co\/webn\/wp-json\/wp\/v2\/types\/product"}],"replies":[{"embeddable":true,"href":"https:\/\/deportenis.com.co\/webn\/wp-json\/wp\/v2\/comments?post=6680"}],"version-history":[{"count":0,"href":"https:\/\/deportenis.com.co\/webn\/wp-json\/wp\/v2\/product\/6680\/revisions"}],"wp:featuredmedia":[{"embeddable":true,"href":"https:\/\/deportenis.com.co\/webn\/wp-json\/wp\/v2\/media\/6682"}],"wp:attachment":[{"href":"https:\/\/deportenis.com.co\/webn\/wp-json\/wp\/v2\/media?parent=6680"}],"wp:term":[{"taxonomy":"product_brand","embeddable":true,"href":"https:\/\/deportenis.com.co\/webn\/wp-json\/wp\/v2\/product_brand?post=6680"},{"taxonomy":"product_cat","embeddable":true,"href":"https:\/\/deportenis.com.co\/webn\/wp-json\/wp\/v2\/product_cat?post=6680"},{"taxonomy":"product_tag","embeddable":true,"href":"https:\/\/deportenis.com.co\/webn\/wp-json\/wp\/v2\/product_tag?post=6680"}],"curies":[{"name":"wp","href":"https:\/\/api.w.org\/{rel}","templated":true}]}}