{"id":10786,"date":"2025-07-25T23:45:55","date_gmt":"2025-07-25T23:45:55","guid":{"rendered":"https:\/\/deportenis.com.co\/webn\/?post_type=product&#038;p=10786"},"modified":"2026-02-10T22:11:09","modified_gmt":"2026-02-10T22:11:09","slug":"joma-roland-clay-men-petroleo-clay-court","status":"publish","type":"product","link":"https:\/\/deportenis.com.co\/webn\/product\/joma-roland-clay-men-petroleo-clay-court\/","title":{"rendered":"Joma Roland Clay Men \u2013 petroleo (Clay Court)"},"content":{"rendered":"<p><a href=\"https:\/\/deportenis.com.co\/webn\/wp-content\/uploads\/2025\/07\/logo-joma.jpg\"><img loading=\"lazy\" decoding=\"async\" class=\"alignnone wp-image-10730\" src=\"https:\/\/deportenis.com.co\/webn\/wp-content\/uploads\/2025\/07\/logo-joma.jpg\" alt=\"\" width=\"217\" height=\"55\" \/><\/a><\/p>\n<p>Consideradas un modelo\u00a0<strong data-start=\"23\" data-end=\"49\">premium dentro de Joma<\/strong>\u00a0para tenis y p\u00e1del en arcilla, con buen equilibrio entre\u00a0<strong data-start=\"107\" data-end=\"151\" data-is-last-node=\"\">durabilidad, amortiguaci\u00f3n y estabilidad.<\/strong><\/p>\n<p>Dise\u00f1o\u00a0<strong data-start=\"7\" data-end=\"14\">VTS<\/strong>\u00a0con perforaciones para mejorar la ventilaci\u00f3n y mantener los pies frescos<\/p>\n<p>Sistema\u00a0<strong data-start=\"8\" data-end=\"33\">SPORTECH termosellado<\/strong>, que proporciona ajuste firme sin agregar peso extra<\/p>\n<p>Tecnolog\u00eda\u00a0<strong data-start=\"11\" data-end=\"25\">PROTECTION<\/strong>: refuerzos de goma en zonas de alto desgaste (puntera y laterales) para mayor durabilidad.<\/p>\n<p>Tecnolog\u00edas\u00a0<strong data-start=\"12\" data-end=\"29\">DUAL REACTIVE<\/strong>\u00a0con phylon de doble densidad: combinaci\u00f3n de amortiguaci\u00f3n, reactividad y confort, con retorno de energ\u00eda en la pisada.<\/p>\n<p>Elemento\u00a0<strong data-start=\"9\" data-end=\"21\">STABILIS<\/strong>\u00a0en la zona central del pie para mayor estabilidad torsional y prevenci\u00f3n de giros indebidos<\/p>\n","protected":false},"excerpt":{"rendered":"<p>Consideradas un modelo\u00a0premium dentro de Joma\u00a0para tenis y p\u00e1del en arcilla, con buen equilibrio entre\u00a0durabilidad, amortiguaci\u00f3n y estabilidad. Dise\u00f1o\u00a0VTS\u00a0con perforaciones para mejorar la ventilaci\u00f3n y mantener los pies frescos Sistema\u00a0SPORTECH termosellado, que proporciona ajuste firme sin agregar peso extra Tecnolog\u00eda\u00a0PROTECTION: refuerzos de goma en zonas de alto desgaste (puntera y laterales) para mayor durabilidad. Tecnolog\u00edas\u00a0DUAL &hellip; <a href=\"https:\/\/deportenis.com.co\/webn\/product\/joma-roland-clay-men-petroleo-clay-court\/\" class=\"more-link\">Continue reading <span class=\"screen-reader-text\">Joma Roland Clay Men \u2013 petroleo (Clay Court)<\/span><\/a><\/p>\n","protected":false},"featured_media":10791,"comment_status":"open","ping_status":"closed","template":"","meta":[],"product_brand":[],"product_cat":[175],"product_tag":[418,415,417],"class_list":{"0":"post-10786","1":"product","2":"type-product","3":"status-publish","4":"has-post-thumbnail","6":"product_cat-tenis-hombre","7":"product_tag-418","8":"product_tag-8-5","9":"product_tag-417","10":"pa_talla-142","11":"pa_talla-8-5","12":"pa_talla-143","15":"instock","16":"featured","17":"taxable","18":"shipping-taxable","19":"purchasable","20":"product-type-variable"},"yoast_head":"<!-- This site is optimized with the Yoast SEO plugin v27.5 - https:\/\/yoast.com\/product\/yoast-seo-wordpress\/ -->\n<title>Joma Roland Clay Men \u2013 petroleo (Clay Court) - Deportenis<\/title>\n<meta name=\"description\" content=\"Consideradas un modelo\u00a0premium dentro de Joma\u00a0para tenis y p\u00e1del en arcilla, con buen equilibrio entre\u00a0durabilidad, amortiguaci\u00f3n y estabilidad.\" \/>\n<meta name=\"robots\" content=\"index, follow, max-snippet:-1, max-image-preview:large, max-video-preview:-1\" \/>\n<link rel=\"canonical\" href=\"https:\/\/deportenis.com.co\/webn\/product\/joma-roland-clay-men-petroleo-clay-court\/\" \/>\n<meta property=\"og:locale\" content=\"es_ES\" \/>\n<meta property=\"og:type\" content=\"article\" \/>\n<meta property=\"og:title\" content=\"Joma Roland Clay Men \u2013 petroleo (Clay Court) - Deportenis\" \/>\n<meta property=\"og:description\" content=\"Consideradas un modelo\u00a0premium dentro de Joma\u00a0para tenis y p\u00e1del en arcilla, con buen equilibrio entre\u00a0durabilidad, amortiguaci\u00f3n y estabilidad.\" \/>\n<meta property=\"og:url\" content=\"https:\/\/deportenis.com.co\/webn\/product\/joma-roland-clay-men-petroleo-clay-court\/\" \/>\n<meta property=\"og:site_name\" content=\"Deportenis\" \/>\n<meta property=\"article:publisher\" content=\"https:\/\/es-la.facebook.com\/Deportenis-100144375089820\/videos\/servicio-de-encordado-y-mantenimiento-de-tus-raquetaspregunta-por-los-colores-y-\/286780695898417\/\" \/>\n<meta property=\"article:modified_time\" content=\"2026-02-10T22:11:09+00:00\" \/>\n<meta property=\"og:image\" content=\"https:\/\/deportenis.com.co\/webn\/wp-content\/uploads\/2025\/07\/JOMA-BLUE-3.jpg\" \/>\n\t<meta property=\"og:image:width\" content=\"1000\" \/>\n\t<meta property=\"og:image:height\" content=\"1000\" \/>\n\t<meta property=\"og:image:type\" content=\"image\/jpeg\" \/>\n<meta name=\"twitter:card\" content=\"summary_large_image\" \/>\n<meta name=\"twitter:label1\" content=\"Tiempo de lectura\" \/>\n\t<meta name=\"twitter:data1\" content=\"1 minuto\" \/>\n<script type=\"application\/ld+json\" class=\"yoast-schema-graph\">{\"@context\":\"https:\\\/\\\/schema.org\",\"@graph\":[{\"@type\":\"WebPage\",\"@id\":\"https:\\\/\\\/deportenis.com.co\\\/webn\\\/product\\\/joma-roland-clay-men-petroleo-clay-court\\\/\",\"url\":\"https:\\\/\\\/deportenis.com.co\\\/webn\\\/product\\\/joma-roland-clay-men-petroleo-clay-court\\\/\",\"name\":\"Joma Roland Clay Men \u2013 petroleo (Clay Court) - Deportenis\",\"isPartOf\":{\"@id\":\"https:\\\/\\\/deportenis.com.co\\\/webn\\\/#website\"},\"primaryImageOfPage\":{\"@id\":\"https:\\\/\\\/deportenis.com.co\\\/webn\\\/product\\\/joma-roland-clay-men-petroleo-clay-court\\\/#primaryimage\"},\"image\":{\"@id\":\"https:\\\/\\\/deportenis.com.co\\\/webn\\\/product\\\/joma-roland-clay-men-petroleo-clay-court\\\/#primaryimage\"},\"thumbnailUrl\":\"https:\\\/\\\/deportenis.com.co\\\/webn\\\/wp-content\\\/uploads\\\/2025\\\/07\\\/JOMA-BLUE-3.jpg\",\"datePublished\":\"2025-07-25T23:45:55+00:00\",\"dateModified\":\"2026-02-10T22:11:09+00:00\",\"description\":\"Consideradas un modelo\u00a0premium dentro de Joma\u00a0para tenis y p\u00e1del en arcilla, con buen equilibrio entre\u00a0durabilidad, amortiguaci\u00f3n y estabilidad.\",\"breadcrumb\":{\"@id\":\"https:\\\/\\\/deportenis.com.co\\\/webn\\\/product\\\/joma-roland-clay-men-petroleo-clay-court\\\/#breadcrumb\"},\"inLanguage\":\"es\",\"potentialAction\":[{\"@type\":\"ReadAction\",\"target\":[\"https:\\\/\\\/deportenis.com.co\\\/webn\\\/product\\\/joma-roland-clay-men-petroleo-clay-court\\\/\"]}]},{\"@type\":\"ImageObject\",\"inLanguage\":\"es\",\"@id\":\"https:\\\/\\\/deportenis.com.co\\\/webn\\\/product\\\/joma-roland-clay-men-petroleo-clay-court\\\/#primaryimage\",\"url\":\"https:\\\/\\\/deportenis.com.co\\\/webn\\\/wp-content\\\/uploads\\\/2025\\\/07\\\/JOMA-BLUE-3.jpg\",\"contentUrl\":\"https:\\\/\\\/deportenis.com.co\\\/webn\\\/wp-content\\\/uploads\\\/2025\\\/07\\\/JOMA-BLUE-3.jpg\",\"width\":1000,\"height\":1000},{\"@type\":\"BreadcrumbList\",\"@id\":\"https:\\\/\\\/deportenis.com.co\\\/webn\\\/product\\\/joma-roland-clay-men-petroleo-clay-court\\\/#breadcrumb\",\"itemListElement\":[{\"@type\":\"ListItem\",\"position\":1,\"name\":\"Portada\",\"item\":\"https:\\\/\\\/deportenis.com.co\\\/webn\\\/\"},{\"@type\":\"ListItem\",\"position\":2,\"name\":\"Tienda\",\"item\":\"https:\\\/\\\/deportenis.com.co\\\/webn\\\/tienda\\\/\"},{\"@type\":\"ListItem\",\"position\":3,\"name\":\"Joma Roland Clay Men \u2013 petroleo (Clay Court)\"}]},{\"@type\":\"WebSite\",\"@id\":\"https:\\\/\\\/deportenis.com.co\\\/webn\\\/#website\",\"url\":\"https:\\\/\\\/deportenis.com.co\\\/webn\\\/\",\"name\":\"www.deportenis.com.co\",\"description\":\"Tienda Deportiva\",\"publisher\":{\"@id\":\"https:\\\/\\\/deportenis.com.co\\\/webn\\\/#organization\"},\"potentialAction\":[{\"@type\":\"SearchAction\",\"target\":{\"@type\":\"EntryPoint\",\"urlTemplate\":\"https:\\\/\\\/deportenis.com.co\\\/webn\\\/?s={search_term_string}\"},\"query-input\":{\"@type\":\"PropertyValueSpecification\",\"valueRequired\":true,\"valueName\":\"search_term_string\"}}],\"inLanguage\":\"es\"},{\"@type\":\"Organization\",\"@id\":\"https:\\\/\\\/deportenis.com.co\\\/webn\\\/#organization\",\"name\":\"Deportenis\",\"url\":\"https:\\\/\\\/deportenis.com.co\\\/webn\\\/\",\"logo\":{\"@type\":\"ImageObject\",\"inLanguage\":\"es\",\"@id\":\"https:\\\/\\\/deportenis.com.co\\\/webn\\\/#\\\/schema\\\/logo\\\/image\\\/\",\"url\":\"https:\\\/\\\/deportenis.com.co\\\/webn\\\/wp-content\\\/uploads\\\/2024\\\/07\\\/logo.png\",\"contentUrl\":\"https:\\\/\\\/deportenis.com.co\\\/webn\\\/wp-content\\\/uploads\\\/2024\\\/07\\\/logo.png\",\"width\":238,\"height\":200,\"caption\":\"Deportenis\"},\"image\":{\"@id\":\"https:\\\/\\\/deportenis.com.co\\\/webn\\\/#\\\/schema\\\/logo\\\/image\\\/\"},\"sameAs\":[\"https:\\\/\\\/es-la.facebook.com\\\/Deportenis-100144375089820\\\/videos\\\/servicio-de-encordado-y-mantenimiento-de-tus-raquetaspregunta-por-los-colores-y-\\\/286780695898417\\\/\",\"https:\\\/\\\/www.instagram.com\\\/invites\\\/contact\\\/?igsh=1u3n44d031yux&utm_content=67nx4x8\"]}]}<\/script>\n<!-- \/ Yoast SEO plugin. -->","yoast_head_json":{"title":"Joma Roland Clay Men \u2013 petroleo (Clay Court) - Deportenis","description":"Consideradas un modelo\u00a0premium dentro de Joma\u00a0para tenis y p\u00e1del en arcilla, con buen equilibrio entre\u00a0durabilidad, amortiguaci\u00f3n y estabilidad.","robots":{"index":"index","follow":"follow","max-snippet":"max-snippet:-1","max-image-preview":"max-image-preview:large","max-video-preview":"max-video-preview:-1"},"canonical":"https:\/\/deportenis.com.co\/webn\/product\/joma-roland-clay-men-petroleo-clay-court\/","og_locale":"es_ES","og_type":"article","og_title":"Joma Roland Clay Men \u2013 petroleo (Clay Court) - Deportenis","og_description":"Consideradas un modelo\u00a0premium dentro de Joma\u00a0para tenis y p\u00e1del en arcilla, con buen equilibrio entre\u00a0durabilidad, amortiguaci\u00f3n y estabilidad.","og_url":"https:\/\/deportenis.com.co\/webn\/product\/joma-roland-clay-men-petroleo-clay-court\/","og_site_name":"Deportenis","article_publisher":"https:\/\/es-la.facebook.com\/Deportenis-100144375089820\/videos\/servicio-de-encordado-y-mantenimiento-de-tus-raquetaspregunta-por-los-colores-y-\/286780695898417\/","article_modified_time":"2026-02-10T22:11:09+00:00","og_image":[{"width":1000,"height":1000,"url":"https:\/\/deportenis.com.co\/webn\/wp-content\/uploads\/2025\/07\/JOMA-BLUE-3.jpg","type":"image\/jpeg"}],"twitter_card":"summary_large_image","twitter_misc":{"Tiempo de lectura":"1 minuto"},"schema":{"@context":"https:\/\/schema.org","@graph":[{"@type":"WebPage","@id":"https:\/\/deportenis.com.co\/webn\/product\/joma-roland-clay-men-petroleo-clay-court\/","url":"https:\/\/deportenis.com.co\/webn\/product\/joma-roland-clay-men-petroleo-clay-court\/","name":"Joma Roland Clay Men \u2013 petroleo (Clay Court) - Deportenis","isPartOf":{"@id":"https:\/\/deportenis.com.co\/webn\/#website"},"primaryImageOfPage":{"@id":"https:\/\/deportenis.com.co\/webn\/product\/joma-roland-clay-men-petroleo-clay-court\/#primaryimage"},"image":{"@id":"https:\/\/deportenis.com.co\/webn\/product\/joma-roland-clay-men-petroleo-clay-court\/#primaryimage"},"thumbnailUrl":"https:\/\/deportenis.com.co\/webn\/wp-content\/uploads\/2025\/07\/JOMA-BLUE-3.jpg","datePublished":"2025-07-25T23:45:55+00:00","dateModified":"2026-02-10T22:11:09+00:00","description":"Consideradas un modelo\u00a0premium dentro de Joma\u00a0para tenis y p\u00e1del en arcilla, con buen equilibrio entre\u00a0durabilidad, amortiguaci\u00f3n y estabilidad.","breadcrumb":{"@id":"https:\/\/deportenis.com.co\/webn\/product\/joma-roland-clay-men-petroleo-clay-court\/#breadcrumb"},"inLanguage":"es","potentialAction":[{"@type":"ReadAction","target":["https:\/\/deportenis.com.co\/webn\/product\/joma-roland-clay-men-petroleo-clay-court\/"]}]},{"@type":"ImageObject","inLanguage":"es","@id":"https:\/\/deportenis.com.co\/webn\/product\/joma-roland-clay-men-petroleo-clay-court\/#primaryimage","url":"https:\/\/deportenis.com.co\/webn\/wp-content\/uploads\/2025\/07\/JOMA-BLUE-3.jpg","contentUrl":"https:\/\/deportenis.com.co\/webn\/wp-content\/uploads\/2025\/07\/JOMA-BLUE-3.jpg","width":1000,"height":1000},{"@type":"BreadcrumbList","@id":"https:\/\/deportenis.com.co\/webn\/product\/joma-roland-clay-men-petroleo-clay-court\/#breadcrumb","itemListElement":[{"@type":"ListItem","position":1,"name":"Portada","item":"https:\/\/deportenis.com.co\/webn\/"},{"@type":"ListItem","position":2,"name":"Tienda","item":"https:\/\/deportenis.com.co\/webn\/tienda\/"},{"@type":"ListItem","position":3,"name":"Joma Roland Clay Men \u2013 petroleo (Clay Court)"}]},{"@type":"WebSite","@id":"https:\/\/deportenis.com.co\/webn\/#website","url":"https:\/\/deportenis.com.co\/webn\/","name":"www.deportenis.com.co","description":"Tienda Deportiva","publisher":{"@id":"https:\/\/deportenis.com.co\/webn\/#organization"},"potentialAction":[{"@type":"SearchAction","target":{"@type":"EntryPoint","urlTemplate":"https:\/\/deportenis.com.co\/webn\/?s={search_term_string}"},"query-input":{"@type":"PropertyValueSpecification","valueRequired":true,"valueName":"search_term_string"}}],"inLanguage":"es"},{"@type":"Organization","@id":"https:\/\/deportenis.com.co\/webn\/#organization","name":"Deportenis","url":"https:\/\/deportenis.com.co\/webn\/","logo":{"@type":"ImageObject","inLanguage":"es","@id":"https:\/\/deportenis.com.co\/webn\/#\/schema\/logo\/image\/","url":"https:\/\/deportenis.com.co\/webn\/wp-content\/uploads\/2024\/07\/logo.png","contentUrl":"https:\/\/deportenis.com.co\/webn\/wp-content\/uploads\/2024\/07\/logo.png","width":238,"height":200,"caption":"Deportenis"},"image":{"@id":"https:\/\/deportenis.com.co\/webn\/#\/schema\/logo\/image\/"},"sameAs":["https:\/\/es-la.facebook.com\/Deportenis-100144375089820\/videos\/servicio-de-encordado-y-mantenimiento-de-tus-raquetaspregunta-por-los-colores-y-\/286780695898417\/","https:\/\/www.instagram.com\/invites\/contact\/?igsh=1u3n44d031yux&utm_content=67nx4x8"]}]}},"_links":{"self":[{"href":"https:\/\/deportenis.com.co\/webn\/wp-json\/wp\/v2\/product\/10786","targetHints":{"allow":["GET"]}}],"collection":[{"href":"https:\/\/deportenis.com.co\/webn\/wp-json\/wp\/v2\/product"}],"about":[{"href":"https:\/\/deportenis.com.co\/webn\/wp-json\/wp\/v2\/types\/product"}],"replies":[{"embeddable":true,"href":"https:\/\/deportenis.com.co\/webn\/wp-json\/wp\/v2\/comments?post=10786"}],"version-history":[{"count":0,"href":"https:\/\/deportenis.com.co\/webn\/wp-json\/wp\/v2\/product\/10786\/revisions"}],"wp:featuredmedia":[{"embeddable":true,"href":"https:\/\/deportenis.com.co\/webn\/wp-json\/wp\/v2\/media\/10791"}],"wp:attachment":[{"href":"https:\/\/deportenis.com.co\/webn\/wp-json\/wp\/v2\/media?parent=10786"}],"wp:term":[{"taxonomy":"product_brand","embeddable":true,"href":"https:\/\/deportenis.com.co\/webn\/wp-json\/wp\/v2\/product_brand?post=10786"},{"taxonomy":"product_cat","embeddable":true,"href":"https:\/\/deportenis.com.co\/webn\/wp-json\/wp\/v2\/product_cat?post=10786"},{"taxonomy":"product_tag","embeddable":true,"href":"https:\/\/deportenis.com.co\/webn\/wp-json\/wp\/v2\/product_tag?post=10786"}],"curies":[{"name":"wp","href":"https:\/\/api.w.org\/{rel}","templated":true}]}}