{"id":10531,"date":"2025-06-19T21:10:27","date_gmt":"2025-06-19T21:10:27","guid":{"rendered":"https:\/\/deportenis.com.co\/webn\/?post_type=product&#038;p=10531"},"modified":"2025-06-19T21:10:27","modified_gmt":"2025-06-19T21:10:27","slug":"duffel-wilson-bela-dna-super-tour-2","status":"publish","type":"product","link":"https:\/\/deportenis.com.co\/webn\/product\/duffel-wilson-bela-dna-super-tour-2\/","title":{"rendered":"Duffel Wilson Bela DNA Super Tour"},"content":{"rendered":"<p><a href=\"https:\/\/deportenis.com.co\/webn\/wp-content\/uploads\/2024\/09\/WILSON-1.jpg\"><img loading=\"lazy\" decoding=\"async\" class=\"alignnone  wp-image-7132\" src=\"https:\/\/deportenis.com.co\/webn\/wp-content\/uploads\/2024\/09\/WILSON-1.jpg\" alt=\"\" width=\"208\" height=\"51\" \/><\/a><\/p>\n<p><strong>Bolso Small Duffel Wilson Bela DNA Super Tour\u00a0<\/strong><\/p>\n<p>Inspirada en el gran Fernando Belastegu\u00edn y dise\u00f1ada con su colaboraci\u00f3n, la bolsa peque\u00f1a Bela DNA es la bolsa de p\u00e1del perfecta para llevar todo lo necesario a la pista. Las zapatillas y la ropa deben estar separadas y esta elegante bolsa ofrece dos compartimentos destinados a cada elemento. El ic\u00f3nico logotipo Wilson x Bela tambi\u00e9n resalta su aspecto, convirti\u00e9ndola en la bolsa ideal para llevar a cualquier parte, tanto dentro como fuera de la pista.<\/p>\n<p><b>Caracter\u00edsticas<\/b><strong>:<\/strong><\/p>\n<ul>\n<li>El espacio de almacenamiento interior tiene capacidad para un par de zapatos adicionales durante el viaje.<\/li>\n<li>El compartimento encierra completamente raquetas, equipos m\u00e1s grandes y otros equipos.<\/li>\n<li>Pocket ofrece espacio adicional para equipos, equipos y almacenamiento personal.<\/li>\n<li>Las cremalleras se cierran entre s\u00ed para mantener seco el contenido de la bolsa y evitar derrames.<\/li>\n<li>Los pies peque\u00f1os evitan el desgaste y los rayones en el fondo de la bolsa.<\/li>\n<li>El asa en la parte superior de la bolsa proporciona un modo f\u00e1cil de transportar.<\/li>\n<\/ul>\n<p><b>\u200bEspecificaciones:<\/b><\/p>\n<ul>\n<li>Dimensiones de la bolsa\u00a020 \u00d7 10 \u00d7 11&#8243;\/51 \u00d7 25,5 \u00d7 28 cm<\/li>\n<li>Composici\u00f3n del tejido\u00a076% Poli\u00e9ster \/ 24% PU<\/li>\n<\/ul>\n","protected":false},"excerpt":{"rendered":"<p>Bolso Small Duffel Wilson Bela DNA Super Tour\u00a0 Inspirada en el gran Fernando Belastegu\u00edn y dise\u00f1ada con su colaboraci\u00f3n, la bolsa peque\u00f1a Bela DNA es la bolsa de p\u00e1del perfecta para llevar todo lo necesario a la pista. Las zapatillas y la ropa deben estar separadas y esta elegante bolsa ofrece dos compartimentos destinados a &hellip; <a href=\"https:\/\/deportenis.com.co\/webn\/product\/duffel-wilson-bela-dna-super-tour-2\/\" class=\"more-link\">Continue reading <span class=\"screen-reader-text\">Duffel Wilson Bela DNA Super Tour<\/span><\/a><\/p>\n","protected":false},"featured_media":10533,"comment_status":"open","ping_status":"closed","template":"","meta":[],"product_brand":[],"product_cat":[187],"product_tag":[],"class_list":{"0":"post-10531","1":"product","2":"type-product","3":"status-publish","4":"has-post-thumbnail","6":"product_cat-paleteros","9":"instock","10":"featured","11":"taxable","12":"shipping-taxable","13":"purchasable","14":"product-type-simple"},"yoast_head":"<!-- This site is optimized with the Yoast SEO plugin v27.5 - https:\/\/yoast.com\/product\/yoast-seo-wordpress\/ -->\n<title>Duffel Wilson Bela DNA Super Tour - Deportenis<\/title>\n<meta name=\"description\" content=\"Inspirada en el gran Fernando Belastegu\u00edn y dise\u00f1ada con su colaboraci\u00f3n, la bolsa peque\u00f1a Bela DNA es la bolsa de p\u00e1del perfecta para llevar todo lo necesario a la pista. Las zapatillas y la ropa deben estar separadas y esta elegante bolsa ofrece dos compartimentos destinados a cada elemento. El ic\u00f3nico logotipo Wilson x Bela tambi\u00e9n resalta su aspecto, convirti\u00e9ndola en la bolsa ideal para llevar a cualquier parte, tanto dentro como fuera de la pista.\" \/>\n<meta name=\"robots\" content=\"index, follow, max-snippet:-1, max-image-preview:large, max-video-preview:-1\" \/>\n<link rel=\"canonical\" href=\"https:\/\/deportenis.com.co\/webn\/product\/duffel-wilson-bela-dna-super-tour-2\/\" \/>\n<meta property=\"og:locale\" content=\"es_ES\" \/>\n<meta property=\"og:type\" content=\"article\" \/>\n<meta property=\"og:title\" content=\"Duffel Wilson Bela DNA Super Tour - Deportenis\" \/>\n<meta property=\"og:description\" content=\"Inspirada en el gran Fernando Belastegu\u00edn y dise\u00f1ada con su colaboraci\u00f3n, la bolsa peque\u00f1a Bela DNA es la bolsa de p\u00e1del perfecta para llevar todo lo necesario a la pista. Las zapatillas y la ropa deben estar separadas y esta elegante bolsa ofrece dos compartimentos destinados a cada elemento. El ic\u00f3nico logotipo Wilson x Bela tambi\u00e9n resalta su aspecto, convirti\u00e9ndola en la bolsa ideal para llevar a cualquier parte, tanto dentro como fuera de la pista.\" \/>\n<meta property=\"og:url\" content=\"https:\/\/deportenis.com.co\/webn\/product\/duffel-wilson-bela-dna-super-tour-2\/\" \/>\n<meta property=\"og:site_name\" content=\"Deportenis\" \/>\n<meta property=\"article:publisher\" content=\"https:\/\/es-la.facebook.com\/Deportenis-100144375089820\/videos\/servicio-de-encordado-y-mantenimiento-de-tus-raquetaspregunta-por-los-colores-y-\/286780695898417\/\" \/>\n<meta property=\"og:image\" content=\"https:\/\/deportenis.com.co\/webn\/wp-content\/uploads\/2025\/06\/BELA-6.jpg\" \/>\n\t<meta property=\"og:image:width\" content=\"1000\" \/>\n\t<meta property=\"og:image:height\" content=\"1000\" \/>\n\t<meta property=\"og:image:type\" content=\"image\/jpeg\" \/>\n<meta name=\"twitter:card\" content=\"summary_large_image\" \/>\n<meta name=\"twitter:label1\" content=\"Tiempo de lectura\" \/>\n\t<meta name=\"twitter:data1\" content=\"2 minutos\" \/>\n<script type=\"application\/ld+json\" class=\"yoast-schema-graph\">{\"@context\":\"https:\\\/\\\/schema.org\",\"@graph\":[{\"@type\":\"WebPage\",\"@id\":\"https:\\\/\\\/deportenis.com.co\\\/webn\\\/product\\\/duffel-wilson-bela-dna-super-tour-2\\\/\",\"url\":\"https:\\\/\\\/deportenis.com.co\\\/webn\\\/product\\\/duffel-wilson-bela-dna-super-tour-2\\\/\",\"name\":\"Duffel Wilson Bela DNA Super Tour - Deportenis\",\"isPartOf\":{\"@id\":\"https:\\\/\\\/deportenis.com.co\\\/webn\\\/#website\"},\"primaryImageOfPage\":{\"@id\":\"https:\\\/\\\/deportenis.com.co\\\/webn\\\/product\\\/duffel-wilson-bela-dna-super-tour-2\\\/#primaryimage\"},\"image\":{\"@id\":\"https:\\\/\\\/deportenis.com.co\\\/webn\\\/product\\\/duffel-wilson-bela-dna-super-tour-2\\\/#primaryimage\"},\"thumbnailUrl\":\"https:\\\/\\\/deportenis.com.co\\\/webn\\\/wp-content\\\/uploads\\\/2025\\\/06\\\/BELA-6.jpg\",\"datePublished\":\"2025-06-19T21:10:27+00:00\",\"description\":\"Inspirada en el gran Fernando Belastegu\u00edn y dise\u00f1ada con su colaboraci\u00f3n, la bolsa peque\u00f1a Bela DNA es la bolsa de p\u00e1del perfecta para llevar todo lo necesario a la pista. Las zapatillas y la ropa deben estar separadas y esta elegante bolsa ofrece dos compartimentos destinados a cada elemento. El ic\u00f3nico logotipo Wilson x Bela tambi\u00e9n resalta su aspecto, convirti\u00e9ndola en la bolsa ideal para llevar a cualquier parte, tanto dentro como fuera de la pista.\",\"breadcrumb\":{\"@id\":\"https:\\\/\\\/deportenis.com.co\\\/webn\\\/product\\\/duffel-wilson-bela-dna-super-tour-2\\\/#breadcrumb\"},\"inLanguage\":\"es\",\"potentialAction\":[{\"@type\":\"ReadAction\",\"target\":[\"https:\\\/\\\/deportenis.com.co\\\/webn\\\/product\\\/duffel-wilson-bela-dna-super-tour-2\\\/\"]}]},{\"@type\":\"ImageObject\",\"inLanguage\":\"es\",\"@id\":\"https:\\\/\\\/deportenis.com.co\\\/webn\\\/product\\\/duffel-wilson-bela-dna-super-tour-2\\\/#primaryimage\",\"url\":\"https:\\\/\\\/deportenis.com.co\\\/webn\\\/wp-content\\\/uploads\\\/2025\\\/06\\\/BELA-6.jpg\",\"contentUrl\":\"https:\\\/\\\/deportenis.com.co\\\/webn\\\/wp-content\\\/uploads\\\/2025\\\/06\\\/BELA-6.jpg\",\"width\":1000,\"height\":1000},{\"@type\":\"BreadcrumbList\",\"@id\":\"https:\\\/\\\/deportenis.com.co\\\/webn\\\/product\\\/duffel-wilson-bela-dna-super-tour-2\\\/#breadcrumb\",\"itemListElement\":[{\"@type\":\"ListItem\",\"position\":1,\"name\":\"Portada\",\"item\":\"https:\\\/\\\/deportenis.com.co\\\/webn\\\/\"},{\"@type\":\"ListItem\",\"position\":2,\"name\":\"Tienda\",\"item\":\"https:\\\/\\\/deportenis.com.co\\\/webn\\\/tienda\\\/\"},{\"@type\":\"ListItem\",\"position\":3,\"name\":\"Duffel Wilson Bela DNA Super Tour\"}]},{\"@type\":\"WebSite\",\"@id\":\"https:\\\/\\\/deportenis.com.co\\\/webn\\\/#website\",\"url\":\"https:\\\/\\\/deportenis.com.co\\\/webn\\\/\",\"name\":\"www.deportenis.com.co\",\"description\":\"Tienda Deportiva\",\"publisher\":{\"@id\":\"https:\\\/\\\/deportenis.com.co\\\/webn\\\/#organization\"},\"potentialAction\":[{\"@type\":\"SearchAction\",\"target\":{\"@type\":\"EntryPoint\",\"urlTemplate\":\"https:\\\/\\\/deportenis.com.co\\\/webn\\\/?s={search_term_string}\"},\"query-input\":{\"@type\":\"PropertyValueSpecification\",\"valueRequired\":true,\"valueName\":\"search_term_string\"}}],\"inLanguage\":\"es\"},{\"@type\":\"Organization\",\"@id\":\"https:\\\/\\\/deportenis.com.co\\\/webn\\\/#organization\",\"name\":\"Deportenis\",\"url\":\"https:\\\/\\\/deportenis.com.co\\\/webn\\\/\",\"logo\":{\"@type\":\"ImageObject\",\"inLanguage\":\"es\",\"@id\":\"https:\\\/\\\/deportenis.com.co\\\/webn\\\/#\\\/schema\\\/logo\\\/image\\\/\",\"url\":\"https:\\\/\\\/deportenis.com.co\\\/webn\\\/wp-content\\\/uploads\\\/2024\\\/07\\\/logo.png\",\"contentUrl\":\"https:\\\/\\\/deportenis.com.co\\\/webn\\\/wp-content\\\/uploads\\\/2024\\\/07\\\/logo.png\",\"width\":238,\"height\":200,\"caption\":\"Deportenis\"},\"image\":{\"@id\":\"https:\\\/\\\/deportenis.com.co\\\/webn\\\/#\\\/schema\\\/logo\\\/image\\\/\"},\"sameAs\":[\"https:\\\/\\\/es-la.facebook.com\\\/Deportenis-100144375089820\\\/videos\\\/servicio-de-encordado-y-mantenimiento-de-tus-raquetaspregunta-por-los-colores-y-\\\/286780695898417\\\/\",\"https:\\\/\\\/www.instagram.com\\\/invites\\\/contact\\\/?igsh=1u3n44d031yux&utm_content=67nx4x8\"]}]}<\/script>\n<!-- \/ Yoast SEO plugin. -->","yoast_head_json":{"title":"Duffel Wilson Bela DNA Super Tour - Deportenis","description":"Inspirada en el gran Fernando Belastegu\u00edn y dise\u00f1ada con su colaboraci\u00f3n, la bolsa peque\u00f1a Bela DNA es la bolsa de p\u00e1del perfecta para llevar todo lo necesario a la pista. Las zapatillas y la ropa deben estar separadas y esta elegante bolsa ofrece dos compartimentos destinados a cada elemento. El ic\u00f3nico logotipo Wilson x Bela tambi\u00e9n resalta su aspecto, convirti\u00e9ndola en la bolsa ideal para llevar a cualquier parte, tanto dentro como fuera de la pista.","robots":{"index":"index","follow":"follow","max-snippet":"max-snippet:-1","max-image-preview":"max-image-preview:large","max-video-preview":"max-video-preview:-1"},"canonical":"https:\/\/deportenis.com.co\/webn\/product\/duffel-wilson-bela-dna-super-tour-2\/","og_locale":"es_ES","og_type":"article","og_title":"Duffel Wilson Bela DNA Super Tour - Deportenis","og_description":"Inspirada en el gran Fernando Belastegu\u00edn y dise\u00f1ada con su colaboraci\u00f3n, la bolsa peque\u00f1a Bela DNA es la bolsa de p\u00e1del perfecta para llevar todo lo necesario a la pista. Las zapatillas y la ropa deben estar separadas y esta elegante bolsa ofrece dos compartimentos destinados a cada elemento. El ic\u00f3nico logotipo Wilson x Bela tambi\u00e9n resalta su aspecto, convirti\u00e9ndola en la bolsa ideal para llevar a cualquier parte, tanto dentro como fuera de la pista.","og_url":"https:\/\/deportenis.com.co\/webn\/product\/duffel-wilson-bela-dna-super-tour-2\/","og_site_name":"Deportenis","article_publisher":"https:\/\/es-la.facebook.com\/Deportenis-100144375089820\/videos\/servicio-de-encordado-y-mantenimiento-de-tus-raquetaspregunta-por-los-colores-y-\/286780695898417\/","og_image":[{"width":1000,"height":1000,"url":"https:\/\/deportenis.com.co\/webn\/wp-content\/uploads\/2025\/06\/BELA-6.jpg","type":"image\/jpeg"}],"twitter_card":"summary_large_image","twitter_misc":{"Tiempo de lectura":"2 minutos"},"schema":{"@context":"https:\/\/schema.org","@graph":[{"@type":"WebPage","@id":"https:\/\/deportenis.com.co\/webn\/product\/duffel-wilson-bela-dna-super-tour-2\/","url":"https:\/\/deportenis.com.co\/webn\/product\/duffel-wilson-bela-dna-super-tour-2\/","name":"Duffel Wilson Bela DNA Super Tour - Deportenis","isPartOf":{"@id":"https:\/\/deportenis.com.co\/webn\/#website"},"primaryImageOfPage":{"@id":"https:\/\/deportenis.com.co\/webn\/product\/duffel-wilson-bela-dna-super-tour-2\/#primaryimage"},"image":{"@id":"https:\/\/deportenis.com.co\/webn\/product\/duffel-wilson-bela-dna-super-tour-2\/#primaryimage"},"thumbnailUrl":"https:\/\/deportenis.com.co\/webn\/wp-content\/uploads\/2025\/06\/BELA-6.jpg","datePublished":"2025-06-19T21:10:27+00:00","description":"Inspirada en el gran Fernando Belastegu\u00edn y dise\u00f1ada con su colaboraci\u00f3n, la bolsa peque\u00f1a Bela DNA es la bolsa de p\u00e1del perfecta para llevar todo lo necesario a la pista. Las zapatillas y la ropa deben estar separadas y esta elegante bolsa ofrece dos compartimentos destinados a cada elemento. El ic\u00f3nico logotipo Wilson x Bela tambi\u00e9n resalta su aspecto, convirti\u00e9ndola en la bolsa ideal para llevar a cualquier parte, tanto dentro como fuera de la pista.","breadcrumb":{"@id":"https:\/\/deportenis.com.co\/webn\/product\/duffel-wilson-bela-dna-super-tour-2\/#breadcrumb"},"inLanguage":"es","potentialAction":[{"@type":"ReadAction","target":["https:\/\/deportenis.com.co\/webn\/product\/duffel-wilson-bela-dna-super-tour-2\/"]}]},{"@type":"ImageObject","inLanguage":"es","@id":"https:\/\/deportenis.com.co\/webn\/product\/duffel-wilson-bela-dna-super-tour-2\/#primaryimage","url":"https:\/\/deportenis.com.co\/webn\/wp-content\/uploads\/2025\/06\/BELA-6.jpg","contentUrl":"https:\/\/deportenis.com.co\/webn\/wp-content\/uploads\/2025\/06\/BELA-6.jpg","width":1000,"height":1000},{"@type":"BreadcrumbList","@id":"https:\/\/deportenis.com.co\/webn\/product\/duffel-wilson-bela-dna-super-tour-2\/#breadcrumb","itemListElement":[{"@type":"ListItem","position":1,"name":"Portada","item":"https:\/\/deportenis.com.co\/webn\/"},{"@type":"ListItem","position":2,"name":"Tienda","item":"https:\/\/deportenis.com.co\/webn\/tienda\/"},{"@type":"ListItem","position":3,"name":"Duffel Wilson Bela DNA Super Tour"}]},{"@type":"WebSite","@id":"https:\/\/deportenis.com.co\/webn\/#website","url":"https:\/\/deportenis.com.co\/webn\/","name":"www.deportenis.com.co","description":"Tienda Deportiva","publisher":{"@id":"https:\/\/deportenis.com.co\/webn\/#organization"},"potentialAction":[{"@type":"SearchAction","target":{"@type":"EntryPoint","urlTemplate":"https:\/\/deportenis.com.co\/webn\/?s={search_term_string}"},"query-input":{"@type":"PropertyValueSpecification","valueRequired":true,"valueName":"search_term_string"}}],"inLanguage":"es"},{"@type":"Organization","@id":"https:\/\/deportenis.com.co\/webn\/#organization","name":"Deportenis","url":"https:\/\/deportenis.com.co\/webn\/","logo":{"@type":"ImageObject","inLanguage":"es","@id":"https:\/\/deportenis.com.co\/webn\/#\/schema\/logo\/image\/","url":"https:\/\/deportenis.com.co\/webn\/wp-content\/uploads\/2024\/07\/logo.png","contentUrl":"https:\/\/deportenis.com.co\/webn\/wp-content\/uploads\/2024\/07\/logo.png","width":238,"height":200,"caption":"Deportenis"},"image":{"@id":"https:\/\/deportenis.com.co\/webn\/#\/schema\/logo\/image\/"},"sameAs":["https:\/\/es-la.facebook.com\/Deportenis-100144375089820\/videos\/servicio-de-encordado-y-mantenimiento-de-tus-raquetaspregunta-por-los-colores-y-\/286780695898417\/","https:\/\/www.instagram.com\/invites\/contact\/?igsh=1u3n44d031yux&utm_content=67nx4x8"]}]}},"_links":{"self":[{"href":"https:\/\/deportenis.com.co\/webn\/wp-json\/wp\/v2\/product\/10531","targetHints":{"allow":["GET"]}}],"collection":[{"href":"https:\/\/deportenis.com.co\/webn\/wp-json\/wp\/v2\/product"}],"about":[{"href":"https:\/\/deportenis.com.co\/webn\/wp-json\/wp\/v2\/types\/product"}],"replies":[{"embeddable":true,"href":"https:\/\/deportenis.com.co\/webn\/wp-json\/wp\/v2\/comments?post=10531"}],"version-history":[{"count":0,"href":"https:\/\/deportenis.com.co\/webn\/wp-json\/wp\/v2\/product\/10531\/revisions"}],"wp:featuredmedia":[{"embeddable":true,"href":"https:\/\/deportenis.com.co\/webn\/wp-json\/wp\/v2\/media\/10533"}],"wp:attachment":[{"href":"https:\/\/deportenis.com.co\/webn\/wp-json\/wp\/v2\/media?parent=10531"}],"wp:term":[{"taxonomy":"product_brand","embeddable":true,"href":"https:\/\/deportenis.com.co\/webn\/wp-json\/wp\/v2\/product_brand?post=10531"},{"taxonomy":"product_cat","embeddable":true,"href":"https:\/\/deportenis.com.co\/webn\/wp-json\/wp\/v2\/product_cat?post=10531"},{"taxonomy":"product_tag","embeddable":true,"href":"https:\/\/deportenis.com.co\/webn\/wp-json\/wp\/v2\/product_tag?post=10531"}],"curies":[{"name":"wp","href":"https:\/\/api.w.org\/{rel}","templated":true}]}}