{"id":10366,"date":"2025-05-29T23:04:42","date_gmt":"2025-05-29T23:04:42","guid":{"rendered":"https:\/\/deportenis.com.co\/webn\/?post_type=product&#038;p=10366"},"modified":"2025-05-29T23:04:42","modified_gmt":"2025-05-29T23:04:42","slug":"cinta-central-para-malla-de-tenis-nacional","status":"publish","type":"product","link":"https:\/\/deportenis.com.co\/webn\/product\/cinta-central-para-malla-de-tenis-nacional\/","title":{"rendered":"Cinta Central para Malla de Tenis \u2013 Nacional"},"content":{"rendered":"<p>Cinta Central para Malla de Tenis \u2013 Nacional<\/p>\n<p><strong data-start=\"190\" data-end=\"206\">Descripci\u00f3n:<\/strong><\/p>\n<p>La cinta central es un accesorio esencial para el correcto ajuste de la red en una cancha de tenis. Se encarga de mantener la altura reglamentaria de la malla en el centro del campo (0.914 m \/ 3 pies), evitando que se eleve por la tensi\u00f3n o el uso continuo.<\/p>\n<h4 data-start=\"473\" data-end=\"509\"><strong data-start=\"480\" data-end=\"509\">Especificaciones:<\/strong><\/h4>\n<ul data-start=\"511\" data-end=\"772\">\n<li data-start=\"511\" data-end=\"537\">\n<p data-start=\"513\" data-end=\"537\"><strong data-start=\"513\" data-end=\"522\">Largo<\/strong>: 1.70 metros<\/p>\n<\/li>\n<li data-start=\"538\" data-end=\"557\">\n<p data-start=\"540\" data-end=\"557\"><strong data-start=\"540\" data-end=\"549\">Ancho<\/strong>: 6 cm<\/p>\n<\/li>\n<li data-start=\"558\" data-end=\"612\">\n<p data-start=\"560\" data-end=\"612\"><strong data-start=\"560\" data-end=\"572\">Material<\/strong>: Poli\u00e9ster o lona de alta resistencia<\/p>\n<\/li>\n<li data-start=\"613\" data-end=\"634\">\n<p data-start=\"615\" data-end=\"634\"><strong data-start=\"615\" data-end=\"624\">Color<\/strong>: Blanco<\/p>\n<\/li>\n<li data-start=\"635\" data-end=\"726\">\n<p data-start=\"637\" data-end=\"726\"><strong data-start=\"637\" data-end=\"658\">Sistema de ajuste<\/strong>: Cord\u00f3n<\/p>\n<\/li>\n<li data-start=\"727\" data-end=\"772\">\n<p data-start=\"729\" data-end=\"772\"><strong data-start=\"729\" data-end=\"739\">Origen<\/strong>: Fabricaci\u00f3n nacional (Colombia)<\/p>\n<\/li>\n<\/ul>\n<h4 data-start=\"779\" data-end=\"812\"><strong data-start=\"787\" data-end=\"812\">Funciones Principales<\/strong><\/h4>\n<ul>\n<li>Mantener la altura reglamentaria de la red en el centro (0.914 m) seg\u00fan normativas ITF.<\/li>\n<li>Distribuir la tensi\u00f3n de forma uniforme, evitando deformaciones en la malla.<\/li>\n<li data-start=\"727\" data-end=\"772\">Evitar el sobreuso de los extremos, prolongando la vida \u00fatil de la red.<\/li>\n<li data-start=\"727\" data-end=\"772\">F\u00e1cil instalaci\u00f3n y ajuste, compatible con la mayor\u00eda de postes y mallas est\u00e1ndar.<\/li>\n<li data-start=\"727\" data-end=\"772\">Resistente a la intemperie, ideal para canchas exteriores e interiores.<\/li>\n<\/ul>\n","protected":false},"excerpt":{"rendered":"<p>Cinta Central para Malla de Tenis \u2013 Nacional Descripci\u00f3n: La cinta central es un accesorio esencial para el correcto ajuste de la red en una cancha de tenis. Se encarga de mantener la altura reglamentaria de la malla en el centro del campo (0.914 m \/ 3 pies), evitando que se eleve por la tensi\u00f3n &hellip; <a href=\"https:\/\/deportenis.com.co\/webn\/product\/cinta-central-para-malla-de-tenis-nacional\/\" class=\"more-link\">Continue reading <span class=\"screen-reader-text\">Cinta Central para Malla de Tenis \u2013 Nacional<\/span><\/a><\/p>\n","protected":false},"featured_media":10369,"comment_status":"open","ping_status":"closed","template":"","meta":[],"product_brand":[],"product_cat":[393],"product_tag":[],"class_list":{"0":"post-10366","1":"product","2":"type-product","3":"status-publish","4":"has-post-thumbnail","6":"product_cat-cuidado-y-reparacion-de-canchas","9":"instock","10":"taxable","11":"shipping-taxable","12":"purchasable","13":"product-type-simple"},"yoast_head":"<!-- This site is optimized with the Yoast SEO plugin v27.5 - https:\/\/yoast.com\/product\/yoast-seo-wordpress\/ -->\n<title>Cinta Central para Malla de Tenis \u2013 Nacional - Deportenis<\/title>\n<meta name=\"description\" content=\"La cinta central es un accesorio esencial para el correcto ajuste de la red en una cancha de tenis. Se encarga de mantener la altura reglamentaria de la malla en el centro del campo (0.914 m \/ 3 pies), evitando que se eleve por la tensi\u00f3n o el uso continuo.\" \/>\n<meta name=\"robots\" content=\"index, follow, max-snippet:-1, max-image-preview:large, max-video-preview:-1\" \/>\n<link rel=\"canonical\" href=\"https:\/\/deportenis.com.co\/webn\/product\/cinta-central-para-malla-de-tenis-nacional\/\" \/>\n<meta property=\"og:locale\" content=\"es_ES\" \/>\n<meta property=\"og:type\" content=\"article\" \/>\n<meta property=\"og:title\" content=\"Cinta Central para Malla de Tenis \u2013 Nacional - Deportenis\" \/>\n<meta property=\"og:description\" content=\"La cinta central es un accesorio esencial para el correcto ajuste de la red en una cancha de tenis. Se encarga de mantener la altura reglamentaria de la malla en el centro del campo (0.914 m \/ 3 pies), evitando que se eleve por la tensi\u00f3n o el uso continuo.\" \/>\n<meta property=\"og:url\" content=\"https:\/\/deportenis.com.co\/webn\/product\/cinta-central-para-malla-de-tenis-nacional\/\" \/>\n<meta property=\"og:site_name\" content=\"Deportenis\" \/>\n<meta property=\"article:publisher\" content=\"https:\/\/es-la.facebook.com\/Deportenis-100144375089820\/videos\/servicio-de-encordado-y-mantenimiento-de-tus-raquetaspregunta-por-los-colores-y-\/286780695898417\/\" \/>\n<meta property=\"og:image\" content=\"https:\/\/deportenis.com.co\/webn\/wp-content\/uploads\/2025\/05\/Diseno-sin-titulo-7.jpg\" \/>\n\t<meta property=\"og:image:width\" content=\"1080\" \/>\n\t<meta property=\"og:image:height\" content=\"1080\" \/>\n\t<meta property=\"og:image:type\" content=\"image\/jpeg\" \/>\n<meta name=\"twitter:card\" content=\"summary_large_image\" \/>\n<meta name=\"twitter:label1\" content=\"Tiempo de lectura\" \/>\n\t<meta name=\"twitter:data1\" content=\"1 minuto\" \/>\n<script type=\"application\/ld+json\" class=\"yoast-schema-graph\">{\"@context\":\"https:\\\/\\\/schema.org\",\"@graph\":[{\"@type\":\"WebPage\",\"@id\":\"https:\\\/\\\/deportenis.com.co\\\/webn\\\/product\\\/cinta-central-para-malla-de-tenis-nacional\\\/\",\"url\":\"https:\\\/\\\/deportenis.com.co\\\/webn\\\/product\\\/cinta-central-para-malla-de-tenis-nacional\\\/\",\"name\":\"Cinta Central para Malla de Tenis \u2013 Nacional - Deportenis\",\"isPartOf\":{\"@id\":\"https:\\\/\\\/deportenis.com.co\\\/webn\\\/#website\"},\"primaryImageOfPage\":{\"@id\":\"https:\\\/\\\/deportenis.com.co\\\/webn\\\/product\\\/cinta-central-para-malla-de-tenis-nacional\\\/#primaryimage\"},\"image\":{\"@id\":\"https:\\\/\\\/deportenis.com.co\\\/webn\\\/product\\\/cinta-central-para-malla-de-tenis-nacional\\\/#primaryimage\"},\"thumbnailUrl\":\"https:\\\/\\\/deportenis.com.co\\\/webn\\\/wp-content\\\/uploads\\\/2025\\\/05\\\/Diseno-sin-titulo-7.jpg\",\"datePublished\":\"2025-05-29T23:04:42+00:00\",\"description\":\"La cinta central es un accesorio esencial para el correcto ajuste de la red en una cancha de tenis. Se encarga de mantener la altura reglamentaria de la malla en el centro del campo (0.914 m \\\/ 3 pies), evitando que se eleve por la tensi\u00f3n o el uso continuo.\",\"breadcrumb\":{\"@id\":\"https:\\\/\\\/deportenis.com.co\\\/webn\\\/product\\\/cinta-central-para-malla-de-tenis-nacional\\\/#breadcrumb\"},\"inLanguage\":\"es\",\"potentialAction\":[{\"@type\":\"ReadAction\",\"target\":[\"https:\\\/\\\/deportenis.com.co\\\/webn\\\/product\\\/cinta-central-para-malla-de-tenis-nacional\\\/\"]}]},{\"@type\":\"ImageObject\",\"inLanguage\":\"es\",\"@id\":\"https:\\\/\\\/deportenis.com.co\\\/webn\\\/product\\\/cinta-central-para-malla-de-tenis-nacional\\\/#primaryimage\",\"url\":\"https:\\\/\\\/deportenis.com.co\\\/webn\\\/wp-content\\\/uploads\\\/2025\\\/05\\\/Diseno-sin-titulo-7.jpg\",\"contentUrl\":\"https:\\\/\\\/deportenis.com.co\\\/webn\\\/wp-content\\\/uploads\\\/2025\\\/05\\\/Diseno-sin-titulo-7.jpg\",\"width\":1080,\"height\":1080},{\"@type\":\"BreadcrumbList\",\"@id\":\"https:\\\/\\\/deportenis.com.co\\\/webn\\\/product\\\/cinta-central-para-malla-de-tenis-nacional\\\/#breadcrumb\",\"itemListElement\":[{\"@type\":\"ListItem\",\"position\":1,\"name\":\"Portada\",\"item\":\"https:\\\/\\\/deportenis.com.co\\\/webn\\\/\"},{\"@type\":\"ListItem\",\"position\":2,\"name\":\"Tienda\",\"item\":\"https:\\\/\\\/deportenis.com.co\\\/webn\\\/tienda\\\/\"},{\"@type\":\"ListItem\",\"position\":3,\"name\":\"Cinta Central para Malla de Tenis \u2013 Nacional\"}]},{\"@type\":\"WebSite\",\"@id\":\"https:\\\/\\\/deportenis.com.co\\\/webn\\\/#website\",\"url\":\"https:\\\/\\\/deportenis.com.co\\\/webn\\\/\",\"name\":\"www.deportenis.com.co\",\"description\":\"Tienda Deportiva\",\"publisher\":{\"@id\":\"https:\\\/\\\/deportenis.com.co\\\/webn\\\/#organization\"},\"potentialAction\":[{\"@type\":\"SearchAction\",\"target\":{\"@type\":\"EntryPoint\",\"urlTemplate\":\"https:\\\/\\\/deportenis.com.co\\\/webn\\\/?s={search_term_string}\"},\"query-input\":{\"@type\":\"PropertyValueSpecification\",\"valueRequired\":true,\"valueName\":\"search_term_string\"}}],\"inLanguage\":\"es\"},{\"@type\":\"Organization\",\"@id\":\"https:\\\/\\\/deportenis.com.co\\\/webn\\\/#organization\",\"name\":\"Deportenis\",\"url\":\"https:\\\/\\\/deportenis.com.co\\\/webn\\\/\",\"logo\":{\"@type\":\"ImageObject\",\"inLanguage\":\"es\",\"@id\":\"https:\\\/\\\/deportenis.com.co\\\/webn\\\/#\\\/schema\\\/logo\\\/image\\\/\",\"url\":\"https:\\\/\\\/deportenis.com.co\\\/webn\\\/wp-content\\\/uploads\\\/2024\\\/07\\\/logo.png\",\"contentUrl\":\"https:\\\/\\\/deportenis.com.co\\\/webn\\\/wp-content\\\/uploads\\\/2024\\\/07\\\/logo.png\",\"width\":238,\"height\":200,\"caption\":\"Deportenis\"},\"image\":{\"@id\":\"https:\\\/\\\/deportenis.com.co\\\/webn\\\/#\\\/schema\\\/logo\\\/image\\\/\"},\"sameAs\":[\"https:\\\/\\\/es-la.facebook.com\\\/Deportenis-100144375089820\\\/videos\\\/servicio-de-encordado-y-mantenimiento-de-tus-raquetaspregunta-por-los-colores-y-\\\/286780695898417\\\/\",\"https:\\\/\\\/www.instagram.com\\\/invites\\\/contact\\\/?igsh=1u3n44d031yux&utm_content=67nx4x8\"]}]}<\/script>\n<!-- \/ Yoast SEO plugin. -->","yoast_head_json":{"title":"Cinta Central para Malla de Tenis \u2013 Nacional - Deportenis","description":"La cinta central es un accesorio esencial para el correcto ajuste de la red en una cancha de tenis. Se encarga de mantener la altura reglamentaria de la malla en el centro del campo (0.914 m \/ 3 pies), evitando que se eleve por la tensi\u00f3n o el uso continuo.","robots":{"index":"index","follow":"follow","max-snippet":"max-snippet:-1","max-image-preview":"max-image-preview:large","max-video-preview":"max-video-preview:-1"},"canonical":"https:\/\/deportenis.com.co\/webn\/product\/cinta-central-para-malla-de-tenis-nacional\/","og_locale":"es_ES","og_type":"article","og_title":"Cinta Central para Malla de Tenis \u2013 Nacional - Deportenis","og_description":"La cinta central es un accesorio esencial para el correcto ajuste de la red en una cancha de tenis. Se encarga de mantener la altura reglamentaria de la malla en el centro del campo (0.914 m \/ 3 pies), evitando que se eleve por la tensi\u00f3n o el uso continuo.","og_url":"https:\/\/deportenis.com.co\/webn\/product\/cinta-central-para-malla-de-tenis-nacional\/","og_site_name":"Deportenis","article_publisher":"https:\/\/es-la.facebook.com\/Deportenis-100144375089820\/videos\/servicio-de-encordado-y-mantenimiento-de-tus-raquetaspregunta-por-los-colores-y-\/286780695898417\/","og_image":[{"width":1080,"height":1080,"url":"https:\/\/deportenis.com.co\/webn\/wp-content\/uploads\/2025\/05\/Diseno-sin-titulo-7.jpg","type":"image\/jpeg"}],"twitter_card":"summary_large_image","twitter_misc":{"Tiempo de lectura":"1 minuto"},"schema":{"@context":"https:\/\/schema.org","@graph":[{"@type":"WebPage","@id":"https:\/\/deportenis.com.co\/webn\/product\/cinta-central-para-malla-de-tenis-nacional\/","url":"https:\/\/deportenis.com.co\/webn\/product\/cinta-central-para-malla-de-tenis-nacional\/","name":"Cinta Central para Malla de Tenis \u2013 Nacional - Deportenis","isPartOf":{"@id":"https:\/\/deportenis.com.co\/webn\/#website"},"primaryImageOfPage":{"@id":"https:\/\/deportenis.com.co\/webn\/product\/cinta-central-para-malla-de-tenis-nacional\/#primaryimage"},"image":{"@id":"https:\/\/deportenis.com.co\/webn\/product\/cinta-central-para-malla-de-tenis-nacional\/#primaryimage"},"thumbnailUrl":"https:\/\/deportenis.com.co\/webn\/wp-content\/uploads\/2025\/05\/Diseno-sin-titulo-7.jpg","datePublished":"2025-05-29T23:04:42+00:00","description":"La cinta central es un accesorio esencial para el correcto ajuste de la red en una cancha de tenis. Se encarga de mantener la altura reglamentaria de la malla en el centro del campo (0.914 m \/ 3 pies), evitando que se eleve por la tensi\u00f3n o el uso continuo.","breadcrumb":{"@id":"https:\/\/deportenis.com.co\/webn\/product\/cinta-central-para-malla-de-tenis-nacional\/#breadcrumb"},"inLanguage":"es","potentialAction":[{"@type":"ReadAction","target":["https:\/\/deportenis.com.co\/webn\/product\/cinta-central-para-malla-de-tenis-nacional\/"]}]},{"@type":"ImageObject","inLanguage":"es","@id":"https:\/\/deportenis.com.co\/webn\/product\/cinta-central-para-malla-de-tenis-nacional\/#primaryimage","url":"https:\/\/deportenis.com.co\/webn\/wp-content\/uploads\/2025\/05\/Diseno-sin-titulo-7.jpg","contentUrl":"https:\/\/deportenis.com.co\/webn\/wp-content\/uploads\/2025\/05\/Diseno-sin-titulo-7.jpg","width":1080,"height":1080},{"@type":"BreadcrumbList","@id":"https:\/\/deportenis.com.co\/webn\/product\/cinta-central-para-malla-de-tenis-nacional\/#breadcrumb","itemListElement":[{"@type":"ListItem","position":1,"name":"Portada","item":"https:\/\/deportenis.com.co\/webn\/"},{"@type":"ListItem","position":2,"name":"Tienda","item":"https:\/\/deportenis.com.co\/webn\/tienda\/"},{"@type":"ListItem","position":3,"name":"Cinta Central para Malla de Tenis \u2013 Nacional"}]},{"@type":"WebSite","@id":"https:\/\/deportenis.com.co\/webn\/#website","url":"https:\/\/deportenis.com.co\/webn\/","name":"www.deportenis.com.co","description":"Tienda Deportiva","publisher":{"@id":"https:\/\/deportenis.com.co\/webn\/#organization"},"potentialAction":[{"@type":"SearchAction","target":{"@type":"EntryPoint","urlTemplate":"https:\/\/deportenis.com.co\/webn\/?s={search_term_string}"},"query-input":{"@type":"PropertyValueSpecification","valueRequired":true,"valueName":"search_term_string"}}],"inLanguage":"es"},{"@type":"Organization","@id":"https:\/\/deportenis.com.co\/webn\/#organization","name":"Deportenis","url":"https:\/\/deportenis.com.co\/webn\/","logo":{"@type":"ImageObject","inLanguage":"es","@id":"https:\/\/deportenis.com.co\/webn\/#\/schema\/logo\/image\/","url":"https:\/\/deportenis.com.co\/webn\/wp-content\/uploads\/2024\/07\/logo.png","contentUrl":"https:\/\/deportenis.com.co\/webn\/wp-content\/uploads\/2024\/07\/logo.png","width":238,"height":200,"caption":"Deportenis"},"image":{"@id":"https:\/\/deportenis.com.co\/webn\/#\/schema\/logo\/image\/"},"sameAs":["https:\/\/es-la.facebook.com\/Deportenis-100144375089820\/videos\/servicio-de-encordado-y-mantenimiento-de-tus-raquetaspregunta-por-los-colores-y-\/286780695898417\/","https:\/\/www.instagram.com\/invites\/contact\/?igsh=1u3n44d031yux&utm_content=67nx4x8"]}]}},"_links":{"self":[{"href":"https:\/\/deportenis.com.co\/webn\/wp-json\/wp\/v2\/product\/10366","targetHints":{"allow":["GET"]}}],"collection":[{"href":"https:\/\/deportenis.com.co\/webn\/wp-json\/wp\/v2\/product"}],"about":[{"href":"https:\/\/deportenis.com.co\/webn\/wp-json\/wp\/v2\/types\/product"}],"replies":[{"embeddable":true,"href":"https:\/\/deportenis.com.co\/webn\/wp-json\/wp\/v2\/comments?post=10366"}],"version-history":[{"count":0,"href":"https:\/\/deportenis.com.co\/webn\/wp-json\/wp\/v2\/product\/10366\/revisions"}],"wp:featuredmedia":[{"embeddable":true,"href":"https:\/\/deportenis.com.co\/webn\/wp-json\/wp\/v2\/media\/10369"}],"wp:attachment":[{"href":"https:\/\/deportenis.com.co\/webn\/wp-json\/wp\/v2\/media?parent=10366"}],"wp:term":[{"taxonomy":"product_brand","embeddable":true,"href":"https:\/\/deportenis.com.co\/webn\/wp-json\/wp\/v2\/product_brand?post=10366"},{"taxonomy":"product_cat","embeddable":true,"href":"https:\/\/deportenis.com.co\/webn\/wp-json\/wp\/v2\/product_cat?post=10366"},{"taxonomy":"product_tag","embeddable":true,"href":"https:\/\/deportenis.com.co\/webn\/wp-json\/wp\/v2\/product_tag?post=10366"}],"curies":[{"name":"wp","href":"https:\/\/api.w.org\/{rel}","templated":true}]}}