{"id":10356,"date":"2025-05-29T22:01:47","date_gmt":"2025-05-29T22:01:47","guid":{"rendered":"https:\/\/deportenis.com.co\/webn\/?post_type=product&#038;p=10356"},"modified":"2025-09-18T23:53:23","modified_gmt":"2025-09-18T23:53:23","slug":"pelotas-dunlop-fort-clay-court-x4","status":"publish","type":"product","link":"https:\/\/deportenis.com.co\/webn\/product\/pelotas-dunlop-fort-clay-court-x4\/","title":{"rendered":"Pelotas Dunlop Fort Clay Court X4"},"content":{"rendered":"<p><a href=\"https:\/\/deportenis.com.co\/webn\/wp-content\/uploads\/2022\/09\/dunlop.jpg\"><img loading=\"lazy\" decoding=\"async\" class=\"alignnone wp-image-6232\" src=\"https:\/\/deportenis.com.co\/webn\/wp-content\/uploads\/2022\/09\/dunlop.jpg\" alt=\"\" width=\"120\" height=\"48\" \/><\/a><\/p>\n<p><span class=\"relative -mx-px my-[-0.2rem] rounded px-px py-[0.2rem] transition-colors duration-100 ease-in-out\"><strong data-start=\"4\" data-end=\"50\">Pelotas de Tenis Dunlop Fort Clay Court X4<\/strong> est\u00e1n dise\u00f1adas espec\u00edficamente para ofrecer un rendimiento superior en canchas de arcilla.<\/span> <span class=\"relative -mx-px my-[-0.2rem] rounded px-px py-[0.2rem] transition-colors duration-100 ease-in-out\">Este modelo es ampliamente utilizado en torneos profesionales y es reconocido por su durabilidad, control y visibilidad.<\/span><\/p>\n<p><strong>Caracter\u00edsticas:<\/strong><\/p>\n<p><strong data-start=\"194\" data-end=\"202\">Tipo<\/strong>: <span class=\"relative -mx-px my-[-0.2rem] rounded px-px py-[0.2rem] transition-colors duration-100 ease-in-out\">Pelotas presurizadas<\/span><\/p>\n<p><strong data-start=\"244\" data-end=\"260\">Presentaci\u00f3n<\/strong>: <span class=\"relative -mx-px my-[-0.2rem] rounded px-px py-[0.2rem] transition-colors duration-100 ease-in-out\">Tubo met\u00e1lico con 4 pelotas<\/span><\/p>\n<p><strong data-start=\"304\" data-end=\"330\">Superficie recomendada<\/strong>: <span class=\"relative -mx-px my-[-0.2rem] rounded px-px py-[0.2rem] transition-colors duration-100 ease-in-out\">Canchas de arcilla<\/span><\/p>\n<p><strong data-start=\"374\" data-end=\"383\">Color<\/strong>: <span class=\"relative -mx-px my-[-0.2rem] rounded px-px py-[0.2rem] transition-colors duration-100 ease-in-out\">Amarillo brillante para mayor visibilidad<\/span><\/p>\n<p><strong data-start=\"427\" data-end=\"439\">Material<\/strong>: <span class=\"relative -mx-px my-[-0.2rem] rounded px-px py-[0.2rem] transition-colors duration-100 ease-in-out\">Fieltro de alta calidad y caucho<\/span><\/p>\n","protected":false},"excerpt":{"rendered":"<p>Pelotas de Tenis Dunlop Fort Clay Court X4 est\u00e1n dise\u00f1adas espec\u00edficamente para ofrecer un rendimiento superior en canchas de arcilla. Este modelo es ampliamente utilizado en torneos profesionales y es reconocido por su durabilidad, control y visibilidad. Caracter\u00edsticas: Tipo: Pelotas presurizadas Presentaci\u00f3n: Tubo met\u00e1lico con 4 pelotas Superficie recomendada: Canchas de arcilla Color: Amarillo brillante &hellip; <a href=\"https:\/\/deportenis.com.co\/webn\/product\/pelotas-dunlop-fort-clay-court-x4\/\" class=\"more-link\">Continue reading <span class=\"screen-reader-text\">Pelotas Dunlop Fort Clay Court X4<\/span><\/a><\/p>\n","protected":false},"featured_media":10358,"comment_status":"open","ping_status":"closed","template":"","meta":[],"product_brand":[],"product_cat":[228],"product_tag":[],"class_list":{"0":"post-10356","1":"product","2":"type-product","3":"status-publish","4":"has-post-thumbnail","6":"product_cat-dunlop","9":"outofstock","10":"taxable","11":"shipping-taxable","12":"purchasable","13":"product-type-simple"},"yoast_head":"<!-- This site is optimized with the Yoast SEO plugin v27.5 - https:\/\/yoast.com\/product\/yoast-seo-wordpress\/ -->\n<title>Pelotas Dunlop Fort Clay Court X4 - Deportenis<\/title>\n<meta name=\"description\" content=\"Pelotas de Tenis Dunlop Fort Clay Court X4 est\u00e1n dise\u00f1adas espec\u00edficamente para ofrecer un rendimiento superior en canchas de arcilla. Este modelo es ampliamente utilizado en torneos profesionales y es reconocido por su durabilidad, control y visibilidad.\" \/>\n<meta name=\"robots\" content=\"index, follow, max-snippet:-1, max-image-preview:large, max-video-preview:-1\" \/>\n<link rel=\"canonical\" href=\"https:\/\/deportenis.com.co\/webn\/product\/pelotas-dunlop-fort-clay-court-x4\/\" \/>\n<meta property=\"og:locale\" content=\"es_ES\" \/>\n<meta property=\"og:type\" content=\"article\" \/>\n<meta property=\"og:title\" content=\"Pelotas Dunlop Fort Clay Court X4 - Deportenis\" \/>\n<meta property=\"og:description\" content=\"Pelotas de Tenis Dunlop Fort Clay Court X4 est\u00e1n dise\u00f1adas espec\u00edficamente para ofrecer un rendimiento superior en canchas de arcilla. Este modelo es ampliamente utilizado en torneos profesionales y es reconocido por su durabilidad, control y visibilidad.\" \/>\n<meta property=\"og:url\" content=\"https:\/\/deportenis.com.co\/webn\/product\/pelotas-dunlop-fort-clay-court-x4\/\" \/>\n<meta property=\"og:site_name\" content=\"Deportenis\" \/>\n<meta property=\"article:publisher\" content=\"https:\/\/es-la.facebook.com\/Deportenis-100144375089820\/videos\/servicio-de-encordado-y-mantenimiento-de-tus-raquetaspregunta-por-los-colores-y-\/286780695898417\/\" \/>\n<meta property=\"article:modified_time\" content=\"2025-09-18T23:53:23+00:00\" \/>\n<meta property=\"og:image\" content=\"https:\/\/deportenis.com.co\/webn\/wp-content\/uploads\/2025\/05\/FORT.jpg\" \/>\n\t<meta property=\"og:image:width\" content=\"1000\" \/>\n\t<meta property=\"og:image:height\" content=\"1000\" \/>\n\t<meta property=\"og:image:type\" content=\"image\/jpeg\" \/>\n<meta name=\"twitter:card\" content=\"summary_large_image\" \/>\n<meta name=\"twitter:label1\" content=\"Tiempo de lectura\" \/>\n\t<meta name=\"twitter:data1\" content=\"1 minuto\" \/>\n<script type=\"application\/ld+json\" class=\"yoast-schema-graph\">{\"@context\":\"https:\\\/\\\/schema.org\",\"@graph\":[{\"@type\":\"WebPage\",\"@id\":\"https:\\\/\\\/deportenis.com.co\\\/webn\\\/product\\\/pelotas-dunlop-fort-clay-court-x4\\\/\",\"url\":\"https:\\\/\\\/deportenis.com.co\\\/webn\\\/product\\\/pelotas-dunlop-fort-clay-court-x4\\\/\",\"name\":\"Pelotas Dunlop Fort Clay Court X4 - Deportenis\",\"isPartOf\":{\"@id\":\"https:\\\/\\\/deportenis.com.co\\\/webn\\\/#website\"},\"primaryImageOfPage\":{\"@id\":\"https:\\\/\\\/deportenis.com.co\\\/webn\\\/product\\\/pelotas-dunlop-fort-clay-court-x4\\\/#primaryimage\"},\"image\":{\"@id\":\"https:\\\/\\\/deportenis.com.co\\\/webn\\\/product\\\/pelotas-dunlop-fort-clay-court-x4\\\/#primaryimage\"},\"thumbnailUrl\":\"https:\\\/\\\/deportenis.com.co\\\/webn\\\/wp-content\\\/uploads\\\/2025\\\/05\\\/FORT.jpg\",\"datePublished\":\"2025-05-29T22:01:47+00:00\",\"dateModified\":\"2025-09-18T23:53:23+00:00\",\"description\":\"Pelotas de Tenis Dunlop Fort Clay Court X4 est\u00e1n dise\u00f1adas espec\u00edficamente para ofrecer un rendimiento superior en canchas de arcilla. Este modelo es ampliamente utilizado en torneos profesionales y es reconocido por su durabilidad, control y visibilidad.\",\"breadcrumb\":{\"@id\":\"https:\\\/\\\/deportenis.com.co\\\/webn\\\/product\\\/pelotas-dunlop-fort-clay-court-x4\\\/#breadcrumb\"},\"inLanguage\":\"es\",\"potentialAction\":[{\"@type\":\"ReadAction\",\"target\":[\"https:\\\/\\\/deportenis.com.co\\\/webn\\\/product\\\/pelotas-dunlop-fort-clay-court-x4\\\/\"]}]},{\"@type\":\"ImageObject\",\"inLanguage\":\"es\",\"@id\":\"https:\\\/\\\/deportenis.com.co\\\/webn\\\/product\\\/pelotas-dunlop-fort-clay-court-x4\\\/#primaryimage\",\"url\":\"https:\\\/\\\/deportenis.com.co\\\/webn\\\/wp-content\\\/uploads\\\/2025\\\/05\\\/FORT.jpg\",\"contentUrl\":\"https:\\\/\\\/deportenis.com.co\\\/webn\\\/wp-content\\\/uploads\\\/2025\\\/05\\\/FORT.jpg\",\"width\":1000,\"height\":1000},{\"@type\":\"BreadcrumbList\",\"@id\":\"https:\\\/\\\/deportenis.com.co\\\/webn\\\/product\\\/pelotas-dunlop-fort-clay-court-x4\\\/#breadcrumb\",\"itemListElement\":[{\"@type\":\"ListItem\",\"position\":1,\"name\":\"Portada\",\"item\":\"https:\\\/\\\/deportenis.com.co\\\/webn\\\/\"},{\"@type\":\"ListItem\",\"position\":2,\"name\":\"Tienda\",\"item\":\"https:\\\/\\\/deportenis.com.co\\\/webn\\\/tienda\\\/\"},{\"@type\":\"ListItem\",\"position\":3,\"name\":\"Pelotas Dunlop Fort Clay Court X4\"}]},{\"@type\":\"WebSite\",\"@id\":\"https:\\\/\\\/deportenis.com.co\\\/webn\\\/#website\",\"url\":\"https:\\\/\\\/deportenis.com.co\\\/webn\\\/\",\"name\":\"www.deportenis.com.co\",\"description\":\"Tienda Deportiva\",\"publisher\":{\"@id\":\"https:\\\/\\\/deportenis.com.co\\\/webn\\\/#organization\"},\"potentialAction\":[{\"@type\":\"SearchAction\",\"target\":{\"@type\":\"EntryPoint\",\"urlTemplate\":\"https:\\\/\\\/deportenis.com.co\\\/webn\\\/?s={search_term_string}\"},\"query-input\":{\"@type\":\"PropertyValueSpecification\",\"valueRequired\":true,\"valueName\":\"search_term_string\"}}],\"inLanguage\":\"es\"},{\"@type\":\"Organization\",\"@id\":\"https:\\\/\\\/deportenis.com.co\\\/webn\\\/#organization\",\"name\":\"Deportenis\",\"url\":\"https:\\\/\\\/deportenis.com.co\\\/webn\\\/\",\"logo\":{\"@type\":\"ImageObject\",\"inLanguage\":\"es\",\"@id\":\"https:\\\/\\\/deportenis.com.co\\\/webn\\\/#\\\/schema\\\/logo\\\/image\\\/\",\"url\":\"https:\\\/\\\/deportenis.com.co\\\/webn\\\/wp-content\\\/uploads\\\/2024\\\/07\\\/logo.png\",\"contentUrl\":\"https:\\\/\\\/deportenis.com.co\\\/webn\\\/wp-content\\\/uploads\\\/2024\\\/07\\\/logo.png\",\"width\":238,\"height\":200,\"caption\":\"Deportenis\"},\"image\":{\"@id\":\"https:\\\/\\\/deportenis.com.co\\\/webn\\\/#\\\/schema\\\/logo\\\/image\\\/\"},\"sameAs\":[\"https:\\\/\\\/es-la.facebook.com\\\/Deportenis-100144375089820\\\/videos\\\/servicio-de-encordado-y-mantenimiento-de-tus-raquetaspregunta-por-los-colores-y-\\\/286780695898417\\\/\",\"https:\\\/\\\/www.instagram.com\\\/invites\\\/contact\\\/?igsh=1u3n44d031yux&utm_content=67nx4x8\"]}]}<\/script>\n<!-- \/ Yoast SEO plugin. -->","yoast_head_json":{"title":"Pelotas Dunlop Fort Clay Court X4 - Deportenis","description":"Pelotas de Tenis Dunlop Fort Clay Court X4 est\u00e1n dise\u00f1adas espec\u00edficamente para ofrecer un rendimiento superior en canchas de arcilla. Este modelo es ampliamente utilizado en torneos profesionales y es reconocido por su durabilidad, control y visibilidad.","robots":{"index":"index","follow":"follow","max-snippet":"max-snippet:-1","max-image-preview":"max-image-preview:large","max-video-preview":"max-video-preview:-1"},"canonical":"https:\/\/deportenis.com.co\/webn\/product\/pelotas-dunlop-fort-clay-court-x4\/","og_locale":"es_ES","og_type":"article","og_title":"Pelotas Dunlop Fort Clay Court X4 - Deportenis","og_description":"Pelotas de Tenis Dunlop Fort Clay Court X4 est\u00e1n dise\u00f1adas espec\u00edficamente para ofrecer un rendimiento superior en canchas de arcilla. Este modelo es ampliamente utilizado en torneos profesionales y es reconocido por su durabilidad, control y visibilidad.","og_url":"https:\/\/deportenis.com.co\/webn\/product\/pelotas-dunlop-fort-clay-court-x4\/","og_site_name":"Deportenis","article_publisher":"https:\/\/es-la.facebook.com\/Deportenis-100144375089820\/videos\/servicio-de-encordado-y-mantenimiento-de-tus-raquetaspregunta-por-los-colores-y-\/286780695898417\/","article_modified_time":"2025-09-18T23:53:23+00:00","og_image":[{"width":1000,"height":1000,"url":"https:\/\/deportenis.com.co\/webn\/wp-content\/uploads\/2025\/05\/FORT.jpg","type":"image\/jpeg"}],"twitter_card":"summary_large_image","twitter_misc":{"Tiempo de lectura":"1 minuto"},"schema":{"@context":"https:\/\/schema.org","@graph":[{"@type":"WebPage","@id":"https:\/\/deportenis.com.co\/webn\/product\/pelotas-dunlop-fort-clay-court-x4\/","url":"https:\/\/deportenis.com.co\/webn\/product\/pelotas-dunlop-fort-clay-court-x4\/","name":"Pelotas Dunlop Fort Clay Court X4 - Deportenis","isPartOf":{"@id":"https:\/\/deportenis.com.co\/webn\/#website"},"primaryImageOfPage":{"@id":"https:\/\/deportenis.com.co\/webn\/product\/pelotas-dunlop-fort-clay-court-x4\/#primaryimage"},"image":{"@id":"https:\/\/deportenis.com.co\/webn\/product\/pelotas-dunlop-fort-clay-court-x4\/#primaryimage"},"thumbnailUrl":"https:\/\/deportenis.com.co\/webn\/wp-content\/uploads\/2025\/05\/FORT.jpg","datePublished":"2025-05-29T22:01:47+00:00","dateModified":"2025-09-18T23:53:23+00:00","description":"Pelotas de Tenis Dunlop Fort Clay Court X4 est\u00e1n dise\u00f1adas espec\u00edficamente para ofrecer un rendimiento superior en canchas de arcilla. Este modelo es ampliamente utilizado en torneos profesionales y es reconocido por su durabilidad, control y visibilidad.","breadcrumb":{"@id":"https:\/\/deportenis.com.co\/webn\/product\/pelotas-dunlop-fort-clay-court-x4\/#breadcrumb"},"inLanguage":"es","potentialAction":[{"@type":"ReadAction","target":["https:\/\/deportenis.com.co\/webn\/product\/pelotas-dunlop-fort-clay-court-x4\/"]}]},{"@type":"ImageObject","inLanguage":"es","@id":"https:\/\/deportenis.com.co\/webn\/product\/pelotas-dunlop-fort-clay-court-x4\/#primaryimage","url":"https:\/\/deportenis.com.co\/webn\/wp-content\/uploads\/2025\/05\/FORT.jpg","contentUrl":"https:\/\/deportenis.com.co\/webn\/wp-content\/uploads\/2025\/05\/FORT.jpg","width":1000,"height":1000},{"@type":"BreadcrumbList","@id":"https:\/\/deportenis.com.co\/webn\/product\/pelotas-dunlop-fort-clay-court-x4\/#breadcrumb","itemListElement":[{"@type":"ListItem","position":1,"name":"Portada","item":"https:\/\/deportenis.com.co\/webn\/"},{"@type":"ListItem","position":2,"name":"Tienda","item":"https:\/\/deportenis.com.co\/webn\/tienda\/"},{"@type":"ListItem","position":3,"name":"Pelotas Dunlop Fort Clay Court X4"}]},{"@type":"WebSite","@id":"https:\/\/deportenis.com.co\/webn\/#website","url":"https:\/\/deportenis.com.co\/webn\/","name":"www.deportenis.com.co","description":"Tienda Deportiva","publisher":{"@id":"https:\/\/deportenis.com.co\/webn\/#organization"},"potentialAction":[{"@type":"SearchAction","target":{"@type":"EntryPoint","urlTemplate":"https:\/\/deportenis.com.co\/webn\/?s={search_term_string}"},"query-input":{"@type":"PropertyValueSpecification","valueRequired":true,"valueName":"search_term_string"}}],"inLanguage":"es"},{"@type":"Organization","@id":"https:\/\/deportenis.com.co\/webn\/#organization","name":"Deportenis","url":"https:\/\/deportenis.com.co\/webn\/","logo":{"@type":"ImageObject","inLanguage":"es","@id":"https:\/\/deportenis.com.co\/webn\/#\/schema\/logo\/image\/","url":"https:\/\/deportenis.com.co\/webn\/wp-content\/uploads\/2024\/07\/logo.png","contentUrl":"https:\/\/deportenis.com.co\/webn\/wp-content\/uploads\/2024\/07\/logo.png","width":238,"height":200,"caption":"Deportenis"},"image":{"@id":"https:\/\/deportenis.com.co\/webn\/#\/schema\/logo\/image\/"},"sameAs":["https:\/\/es-la.facebook.com\/Deportenis-100144375089820\/videos\/servicio-de-encordado-y-mantenimiento-de-tus-raquetaspregunta-por-los-colores-y-\/286780695898417\/","https:\/\/www.instagram.com\/invites\/contact\/?igsh=1u3n44d031yux&utm_content=67nx4x8"]}]}},"_links":{"self":[{"href":"https:\/\/deportenis.com.co\/webn\/wp-json\/wp\/v2\/product\/10356","targetHints":{"allow":["GET"]}}],"collection":[{"href":"https:\/\/deportenis.com.co\/webn\/wp-json\/wp\/v2\/product"}],"about":[{"href":"https:\/\/deportenis.com.co\/webn\/wp-json\/wp\/v2\/types\/product"}],"replies":[{"embeddable":true,"href":"https:\/\/deportenis.com.co\/webn\/wp-json\/wp\/v2\/comments?post=10356"}],"version-history":[{"count":0,"href":"https:\/\/deportenis.com.co\/webn\/wp-json\/wp\/v2\/product\/10356\/revisions"}],"wp:featuredmedia":[{"embeddable":true,"href":"https:\/\/deportenis.com.co\/webn\/wp-json\/wp\/v2\/media\/10358"}],"wp:attachment":[{"href":"https:\/\/deportenis.com.co\/webn\/wp-json\/wp\/v2\/media?parent=10356"}],"wp:term":[{"taxonomy":"product_brand","embeddable":true,"href":"https:\/\/deportenis.com.co\/webn\/wp-json\/wp\/v2\/product_brand?post=10356"},{"taxonomy":"product_cat","embeddable":true,"href":"https:\/\/deportenis.com.co\/webn\/wp-json\/wp\/v2\/product_cat?post=10356"},{"taxonomy":"product_tag","embeddable":true,"href":"https:\/\/deportenis.com.co\/webn\/wp-json\/wp\/v2\/product_tag?post=10356"}],"curies":[{"name":"wp","href":"https:\/\/api.w.org\/{rel}","templated":true}]}}